CRAN Package Check Results for Package deseasonalize

Last updated on 2022-01-28 02:50:55 CET.

Flavor Version Tinstall Tcheck Ttotal Status Flags
r-devel-linux-x86_64-debian-clang 1.35 7.58 75.80 83.38 NOTE
r-devel-linux-x86_64-debian-gcc 1.35 5.83 57.67 63.50 NOTE
r-devel-linux-x86_64-fedora-clang 1.35 99.42 NOTE
r-devel-linux-x86_64-fedora-gcc 1.35 90.91 NOTE
r-devel-windows-x86_64-new-UL 1.35 44.00 92.00 136.00 NOTE
r-devel-windows-x86_64-new-TK 1.35 NOTE
r-patched-linux-x86_64 1.35 8.30 69.89 78.19 NOTE
r-release-linux-x86_64 1.35 6.68 70.37 77.05 NOTE
r-release-macos-arm64 1.35 NOTE
r-release-macos-x86_64 1.35 NOTE
r-release-windows-ix86+x86_64 1.35 18.00 84.00 102.00 NOTE
r-oldrel-macos-x86_64 1.35 NOTE
r-oldrel-windows-ix86+x86_64 1.35 18.00 85.00 103.00 NOTE

Check Details

Version: 1.35
Check: R code for possible problems
Result: NOTE
    ds: no visible global function definition for 'is.ts'
    ds: no visible global function definition for 'frequency'
    getds: no visible global function definition for 'resid'
    getds: no visible global function definition for 'lm.fit'
    getds: no visible global function definition for 'sd'
    getds: no visible global function definition for 'var'
    getds: no visible global function definition for 'fitted'
    Undefined global functions or variables:
     fitted frequency is.ts lm.fit resid sd var
    Consider adding
     importFrom("stats", "fitted", "frequency", "is.ts", "lm.fit", "resid",
     "sd", "var")
    to your NAMESPACE file.
Flavors: r-devel-linux-x86_64-debian-clang, r-devel-linux-x86_64-debian-gcc, r-devel-linux-x86_64-fedora-clang, r-devel-linux-x86_64-fedora-gcc, r-devel-windows-x86_64-new-UL, r-devel-windows-x86_64-new-TK, r-patched-linux-x86_64, r-release-linux-x86_64, r-release-macos-arm64, r-release-macos-x86_64, r-release-windows-ix86+x86_64, r-oldrel-macos-x86_64, r-oldrel-windows-ix86+x86_64

Version: 1.35
Check: Rd line widths
Result: NOTE
    Rd file 'ds.Rd':
     \usage lines wider than 90 characters:
     ds(z, Fm = 6, Fs = 6, type = c("daily", "monthly"), searchQ=TRUE, lag.max=20, ic=c("BIC","AIC"), standardizeQ=TRUE)
    
    These lines will be truncated in the PDF manual.
Flavors: r-devel-linux-x86_64-debian-clang, r-devel-linux-x86_64-debian-gcc, r-devel-linux-x86_64-fedora-clang, r-devel-linux-x86_64-fedora-gcc, r-patched-linux-x86_64, r-release-linux-x86_64