CRAN Package Check Results for Package designmatch

Last updated on 2022-12-01 04:00:30 CET.

Flavor Version Tinstall Tcheck Ttotal Status Flags
r-devel-linux-x86_64-debian-clang 0.4.1 5.49 46.45 51.94 NOTE
r-devel-linux-x86_64-debian-gcc 0.4.1 4.74 35.35 40.09 NOTE
r-devel-linux-x86_64-fedora-clang 0.4.1 76.92 NOTE
r-devel-linux-x86_64-fedora-gcc 0.4.1 73.36 NOTE
r-devel-windows-x86_64 0.4.1 31.00 73.00 104.00 NOTE
r-patched-linux-x86_64 0.4.1 7.13 43.24 50.37 NOTE
r-release-linux-x86_64 0.4.1 6.27 43.93 50.20 NOTE
r-release-macos-arm64 0.4.1 22.00 NOTE
r-release-macos-x86_64 0.4.1 29.00 NOTE
r-release-windows-x86_64 0.4.1 24.00 75.00 99.00 NOTE
r-oldrel-macos-arm64 0.4.1 24.00 NOTE
r-oldrel-macos-x86_64 0.4.1 33.00 NOTE
r-oldrel-windows-ix86+x86_64 0.4.1 12.00 66.00 78.00 NOTE

Check Details

Version: 0.4.1
Check: package dependencies
Result: NOTE
    Package which this enhances but not available for checking: 'gurobi'
Flavors: r-devel-linux-x86_64-debian-clang, r-devel-linux-x86_64-debian-gcc, r-patched-linux-x86_64, r-release-linux-x86_64

Version: 0.4.1
Check: package dependencies
Result: NOTE
    Packages which this enhances but not available for checking:
     'gurobi', 'Rcplex'
Flavors: r-devel-linux-x86_64-fedora-clang, r-devel-linux-x86_64-fedora-gcc, r-devel-windows-x86_64, r-release-macos-arm64, r-release-macos-x86_64, r-release-windows-x86_64, r-oldrel-macos-arm64, r-oldrel-macos-x86_64, r-oldrel-windows-ix86+x86_64