CRAN Package Check Results for Package detectRUNS

Last updated on 2022-08-18 04:56:23 CEST.

Flavor Version Tinstall Tcheck Ttotal Status Flags
r-devel-linux-x86_64-debian-clang 0.9.6 32.62 103.32 135.94 NOTE
r-devel-linux-x86_64-debian-gcc 0.9.6 26.93 77.30 104.23 NOTE
r-devel-linux-x86_64-fedora-clang 0.9.6 177.29 NOTE
r-devel-linux-x86_64-fedora-gcc 0.9.6 177.08 NOTE
r-devel-windows-x86_64 0.9.6 79.00 160.00 239.00 NOTE
r-patched-linux-x86_64 0.9.6 25.73 94.76 120.49 NOTE
r-release-linux-x86_64 0.9.6 25.37 94.60 119.97 NOTE
r-release-macos-arm64 0.9.6 50.00 NOTE
r-release-macos-x86_64 0.9.6 91.00 NOTE
r-release-windows-x86_64 0.9.6 85.00 154.00 239.00 NOTE
r-oldrel-macos-arm64 0.9.6 68.00 NOTE
r-oldrel-macos-x86_64 0.9.6 94.00 NOTE
r-oldrel-windows-ix86+x86_64 0.9.6 77.00 180.00 257.00 NOTE

Check Details

Version: 0.9.6
Check: LazyData
Result: NOTE
     'LazyData' is specified without a 'data' directory
Flavors: r-devel-linux-x86_64-debian-clang, r-devel-linux-x86_64-debian-gcc, r-devel-linux-x86_64-fedora-clang, r-devel-linux-x86_64-fedora-gcc, r-devel-windows-x86_64, r-patched-linux-x86_64, r-release-linux-x86_64, r-release-macos-arm64, r-release-macos-x86_64, r-release-windows-x86_64, r-oldrel-macos-arm64, r-oldrel-macos-x86_64, r-oldrel-windows-ix86+x86_64

Version: 0.9.6
Check: installed package size
Result: NOTE
     installed size is 5.1Mb
     sub-directories of 1Mb or more:
     extdata 2.1Mb
     libs 2.2Mb
Flavors: r-release-macos-arm64, r-release-macos-x86_64, r-oldrel-macos-arm64, r-oldrel-macos-x86_64, r-oldrel-windows-ix86+x86_64