CRAN Package Check Results for Package dm

Last updated on 2021-06-16 02:49:31 CEST.

Flavor Version Tinstall Tcheck Ttotal Status Flags
r-devel-linux-x86_64-debian-clang 0.2.1 15.64 373.76 389.40 OK
r-devel-linux-x86_64-debian-gcc 0.2.2 10.43 272.30 282.73 OK
r-devel-linux-x86_64-fedora-clang 0.2.2 427.76 ERROR
r-devel-linux-x86_64-fedora-gcc 0.2.2 268.14 ERROR
r-devel-windows-x86_64 0.2.2 20.00 498.00 518.00 ERROR
r-devel-windows-x86_64-gcc10-UCRT 0.2.1 OK
r-patched-linux-x86_64 0.2.2 16.20 319.04 335.24 ERROR
r-patched-solaris-x86 0.2.2 505.90 ERROR
r-release-linux-x86_64 0.2.1 10.45 353.33 363.78 OK
r-release-macos-arm64 0.2.1 OK
r-release-macos-x86_64 0.2.2 OK
r-release-windows-ix86+x86_64 0.2.1 23.00 397.00 420.00 OK
r-oldrel-macos-x86_64 0.2.2 OK
r-oldrel-windows-ix86+x86_64 0.2.2 22.00 351.00 373.00 OK

Check Details

Version: 0.2.2
Check: examples
Result: ERROR
    Running examples in ‘dm-Ex.R’ failed
    The error most likely occurred in:
    
    > ### Name: dm_from_src
    > ### Title: Load a dm from a remote data source
    > ### Aliases: dm_from_src
    >
    > ### ** Examples
    >
    > ## Don't show:
    > if (dm:::dm_has_financial()) (if (getRversion() >= "3.4") withAutoprint else force)({ # examplesIf
    + ## End(Don't show)
    + con <- DBI::dbConnect(
    + RMariaDB::MariaDB(),
    + username = "guest",
    + password = "relational",
    + dbname = "Financial_ijs",
    + host = "relational.fit.cvut.cz"
    + )
    +
    + dm_from_src(con)
    +
    + DBI::dbDisconnect(con)
    + ## Don't show:
    + }) # examplesIf
    > con <- DBI::dbConnect(RMariaDB::MariaDB(), username = "guest", password = "relational",
    + dbname = "Financial_ijs", host = "relational.fit.cvut.cz")
    Error: Failed to connect: Can't connect to MySQL server on 'relational.fit.cvut.cz' (101)
    Execution halted
Flavors: r-devel-linux-x86_64-fedora-clang, r-devel-linux-x86_64-fedora-gcc

Version: 0.2.2
Check: examples
Result: ERROR
    Running examples in 'dm-Ex.R' failed
    The error most likely occurred in:
    
    > ### Name: dm_from_src
    > ### Title: Load a dm from a remote data source
    > ### Aliases: dm_from_src
    >
    > ### ** Examples
    >
    > ## Don't show:
    > if (dm:::dm_has_financial()) (if (getRversion() >= "3.4") withAutoprint else force)({ # examplesIf
    + ## End(Don't show)
    + con <- DBI::dbConnect(
    + RMariaDB::MariaDB(),
    + username = "guest",
    + password = "relational",
    + dbname = "Financial_ijs",
    + host = "relational.fit.cvut.cz"
    + )
    +
    + dm_from_src(con)
    +
    + DBI::dbDisconnect(con)
    + ## Don't show:
    + }) # examplesIf
    > con <- DBI::dbConnect(RMariaDB::MariaDB(), username = "guest", password = "relational",
    + dbname = "Financial_ijs", host = "relational.fit.cvut.cz")
    Error: Failed to connect: Can't connect to MySQL server on 'relational.fit.cvut.cz' (10061)
    Execution halted
Flavor: r-devel-windows-x86_64

Version: 0.2.2
Check: examples
Result: ERROR
    Running examples in ‘dm-Ex.R’ failed
    The error most likely occurred in:
    
    > base::assign(".ptime", proc.time(), pos = "CheckExEnv")
    > ### Name: dm_from_src
    > ### Title: Load a dm from a remote data source
    > ### Aliases: dm_from_src
    >
    > ### ** Examples
    >
    > ## Don't show:
    > if (dm:::dm_has_financial()) (if (getRversion() >= "3.4") withAutoprint else force)({ # examplesIf
    + ## End(Don't show)
    + con <- DBI::dbConnect(
    + RMariaDB::MariaDB(),
    + username = "guest",
    + password = "relational",
    + dbname = "Financial_ijs",
    + host = "relational.fit.cvut.cz"
    + )
    +
    + dm_from_src(con)
    +
    + DBI::dbDisconnect(con)
    + ## Don't show:
    + }) # examplesIf
    > con <- DBI::dbConnect(RMariaDB::MariaDB(), username = "guest", password = "relational",
    + dbname = "Financial_ijs", host = "relational.fit.cvut.cz")
    Error: Failed to connect: Can't connect to MySQL server on 'relational.fit.cvut.cz' (101)
    Execution halted
Flavor: r-patched-linux-x86_64

Version: 0.2.2
Check: examples
Result: ERROR
    Running examples in ‘dm-Ex.R’ failed
    The error most likely occurred in:
    
    > ### Name: dm_from_src
    > ### Title: Load a dm from a remote data source
    > ### Aliases: dm_from_src
    >
    > ### ** Examples
    >
    > ## Don't show:
    > if (dm:::dm_has_financial()) (if (getRversion() >= "3.4") withAutoprint else force)({ # examplesIf
    + ## End(Don't show)
    + con <- DBI::dbConnect(
    + RMariaDB::MariaDB(),
    + username = "guest",
    + password = "relational",
    + dbname = "Financial_ijs",
    + host = "relational.fit.cvut.cz"
    + )
    +
    + dm_from_src(con)
    +
    + DBI::dbDisconnect(con)
    + ## Don't show:
    + }) # examplesIf
    > con <- DBI::dbConnect(RMariaDB::MariaDB(), username = "guest", password = "relational",
    + dbname = "Financial_ijs", host = "relational.fit.cvut.cz")
    Error: Failed to connect: Can't connect to MySQL server on 'relational.fit.cvut.cz' (128)
    Execution halted
Flavor: r-patched-solaris-x86