CRAN Package Check Results for Package dmdScheme

Last updated on 2021-08-04 02:49:54 CEST.

Flavor Version Tinstall Tcheck Ttotal Status Flags
r-devel-linux-x86_64-debian-clang 1.2.6 9.73 1217.69 1227.42 NOTE
r-devel-linux-x86_64-debian-gcc 1.2.6 8.01 793.46 801.47 NOTE
r-devel-linux-x86_64-fedora-clang 1.2.6 1413.82 NOTE
r-devel-linux-x86_64-fedora-gcc 1.2.6 161.17 NOTE
r-devel-windows-x86_64 1.2.6 19.00 264.00 283.00 NOTE
r-devel-windows-x86_64-gcc10-UCRT 1.2.6 NOTE
r-patched-linux-x86_64 1.2.6 9.77 1084.22 1093.99 NOTE
r-patched-solaris-x86 1.2.6 1676.00 NOTE
r-release-linux-x86_64 1.2.6 9.55 1044.73 1054.28 NOTE
r-release-macos-arm64 1.2.6 NOTE
r-release-macos-x86_64 1.2.6 NOTE
r-release-windows-ix86+x86_64 1.2.6 24.00 202.00 226.00 NOTE
r-oldrel-macos-x86_64 1.2.6 OK
r-oldrel-windows-ix86+x86_64 1.2.6 20.00 216.00 236.00 OK

Check Details

Version: 1.2.6
Check: LazyData
Result: NOTE
     'LazyData' is specified without a 'data' directory
Flavors: r-devel-linux-x86_64-debian-clang, r-devel-linux-x86_64-debian-gcc, r-devel-linux-x86_64-fedora-clang, r-devel-linux-x86_64-fedora-gcc, r-devel-windows-x86_64, r-devel-windows-x86_64-gcc10-UCRT, r-patched-linux-x86_64, r-patched-solaris-x86, r-release-linux-x86_64, r-release-macos-arm64, r-release-macos-x86_64, r-release-windows-ix86+x86_64

Version: 1.2.6
Check: for non-standard things in the check directory
Result: NOTE
    Found the following files/directories:
     ‘emeScheme’
Flavor: r-devel-linux-x86_64-fedora-gcc