Last updated on 2022-06-29 02:55:09 CEST.
Flavor | Version | Tinstall | Tcheck | Ttotal | Status | Flags |
---|---|---|---|---|---|---|
r-devel-linux-x86_64-debian-clang | 1.1.7 | 25.77 | 195.04 | 220.81 | OK | |
r-devel-linux-x86_64-debian-gcc | 1.1.7 | 18.17 | 141.07 | 159.24 | OK | |
r-devel-linux-x86_64-fedora-clang | 1.1.7 | 262.70 | OK | |||
r-devel-linux-x86_64-fedora-gcc | 1.1.7 | 259.94 | OK | |||
r-devel-windows-x86_64 | 1.1.7 | 44.00 | 205.00 | 249.00 | OK | |
r-patched-linux-x86_64 | 1.1.7 | 23.48 | 178.90 | 202.38 | OK | |
r-release-linux-x86_64 | 1.1.7 | 15.69 | 182.83 | 198.52 | OK | |
r-release-macos-arm64 | 1.1.7 | 59.00 | OK | |||
r-release-macos-x86_64 | 1.1.7 | 93.00 | OK | |||
r-release-windows-x86_64 | 1.1.7 | 50.00 | 202.00 | 252.00 | OK | |
r-oldrel-macos-arm64 | 1.1.7 | 7.00 | ERROR | |||
r-oldrel-macos-x86_64 | 1.1.7 | 129.00 | OK | |||
r-oldrel-windows-ix86+x86_64 | 1.1.7 | 45.00 | 208.00 | 253.00 | OK |
Version: 1.1.7
Check: package dependencies
Result: ERROR
Package required but not available: ‘supraHex’
See section ‘The DESCRIPTION file’ in the ‘Writing R Extensions’
manual.
Flavor: r-oldrel-macos-arm64