CRAN Package Check Results for Package dosedesignR

Last updated on 2022-08-09 03:52:58 CEST.

Flavor Version Tinstall Tcheck Ttotal Status Flags
r-devel-linux-x86_64-debian-clang 0.2.4 2.18 24.77 26.95 NOTE
r-devel-linux-x86_64-debian-gcc 0.2.4 1.53 19.30 20.83 NOTE
r-devel-linux-x86_64-fedora-clang 0.2.4 44.00 NOTE
r-devel-linux-x86_64-fedora-gcc 0.2.4 44.33 NOTE
r-devel-windows-x86_64 0.2.4 13.00 60.00 73.00 NOTE
r-patched-linux-x86_64 0.2.4 1.81 24.08 25.89 NOTE
r-release-linux-x86_64 0.2.4 NOTE
r-release-macos-arm64 0.2.4 17.00 NOTE
r-release-macos-x86_64 0.2.4 29.00 NOTE
r-release-windows-x86_64 0.2.4 16.00 64.00 80.00 NOTE
r-oldrel-macos-arm64 0.2.4 22.00 NOTE
r-oldrel-macos-x86_64 0.2.4 30.00 NOTE
r-oldrel-windows-ix86+x86_64 0.2.4 7.00 49.00 56.00 NOTE

Check Details

Version: 0.2.4
Check: LazyData
Result: NOTE
     'LazyData' is specified without a 'data' directory
Flavors: r-devel-linux-x86_64-debian-clang, r-devel-linux-x86_64-debian-gcc, r-devel-linux-x86_64-fedora-clang, r-devel-linux-x86_64-fedora-gcc, r-devel-windows-x86_64, r-patched-linux-x86_64, r-release-linux-x86_64, r-release-macos-arm64, r-release-macos-x86_64, r-release-windows-x86_64, r-oldrel-macos-arm64, r-oldrel-macos-x86_64, r-oldrel-windows-ix86+x86_64

Version: 0.2.4
Check: dependencies in R code
Result: NOTE
    Namespaces in Imports field not imported from:
     ‘DT’ ‘DoseFinding’ ‘ggplot2’ ‘lattice’ ‘latticeExtra’ ‘shinyjs’
     All declared Imports should be used.
Flavors: r-devel-linux-x86_64-fedora-clang, r-devel-linux-x86_64-fedora-gcc, r-release-macos-arm64, r-release-macos-x86_64, r-oldrel-macos-arm64, r-oldrel-macos-x86_64