CRAN Package Check Results for Package dotCall64

Last updated on 2022-07-04 02:53:29 CEST.

Flavor Version Tinstall Tcheck Ttotal Status Flags
r-devel-linux-x86_64-debian-clang 1.0-1 3.41 24.97 28.38 NOTE
r-devel-linux-x86_64-debian-gcc 1.0-1 2.95 18.25 21.20 NOTE
r-devel-linux-x86_64-fedora-clang 1.0-1 45.36 NOTE
r-devel-linux-x86_64-fedora-gcc 1.0-1 43.74 NOTE
r-devel-windows-x86_64 1.0-1 24.00 52.00 76.00 NOTE
r-patched-linux-x86_64 1.0-1 3.34 23.10 26.44 NOTE
r-release-linux-x86_64 1.0-1 3.17 23.20 26.37 NOTE
r-release-macos-arm64 1.0-1 17.00 OK
r-release-macos-x86_64 1.0-1 25.00 NOTE
r-release-windows-x86_64 1.0-1 25.00 53.00 78.00 NOTE
r-oldrel-macos-arm64 1.0-1 21.00 OK
r-oldrel-macos-x86_64 1.0-1 31.00 OK
r-oldrel-windows-ix86+x86_64 1.0-1 15.00 51.00 66.00 OK

Check Details

Version: 1.0-1
Check: package dependencies
Result: NOTE
    Package suggested but not available for checking: 'OpenMPController'
Flavors: r-devel-linux-x86_64-debian-clang, r-devel-linux-x86_64-debian-gcc, r-devel-linux-x86_64-fedora-clang, r-devel-linux-x86_64-fedora-gcc, r-devel-windows-x86_64, r-patched-linux-x86_64, r-release-linux-x86_64, r-release-macos-x86_64, r-release-windows-x86_64