CRAN Package Check Results for Package dr4pl

Last updated on 2022-07-03 02:51:01 CEST.

Flavor Version Tinstall Tcheck Ttotal Status Flags
r-devel-linux-x86_64-debian-clang 2.0.0 12.78 140.54 153.32 NOTE
r-devel-linux-x86_64-debian-gcc 2.0.0 8.90 101.40 110.30 NOTE
r-devel-linux-x86_64-fedora-clang 2.0.0 184.44 NOTE
r-devel-linux-x86_64-fedora-gcc 2.0.0 188.42 NOTE
r-devel-windows-x86_64 2.0.0 47.00 170.00 217.00 NOTE
r-patched-linux-x86_64 2.0.0 8.94 129.67 138.61 OK
r-release-linux-x86_64 2.0.0 11.98 131.88 143.86 OK
r-release-macos-arm64 2.0.0 51.00 OK
r-release-macos-x86_64 2.0.0 99.00 OK
r-release-windows-x86_64 2.0.0 43.00 171.00 214.00 OK
r-oldrel-macos-arm64 2.0.0 67.00 OK
r-oldrel-macos-x86_64 2.0.0 75.00 OK
r-oldrel-windows-ix86+x86_64 2.0.0 28.00 161.00 189.00 OK

Check Details

Version: 2.0.0
Check: Rd files
Result: NOTE
    checkRd: (-1) confint.dr4pl.Rd:49: Escaped LaTeX specials: \&
    checkRd: (-1) gof-dr4pl.Rd:40: Escaped LaTeX specials: \&
    checkRd: (-1) vcov.dr4pl.Rd:61: Escaped LaTeX specials: \&
Flavors: r-devel-linux-x86_64-debian-clang, r-devel-linux-x86_64-debian-gcc, r-devel-linux-x86_64-fedora-clang, r-devel-linux-x86_64-fedora-gcc, r-devel-windows-x86_64