CRAN Package Check Results for Package ecostatscale

Last updated on 2022-05-25 02:52:18 CEST.

Flavor Version Tinstall Tcheck Ttotal Status Flags
r-devel-linux-x86_64-debian-clang 1.0 1.88 40.81 42.69 OK
r-devel-linux-x86_64-debian-gcc 1.0 1.57 31.39 32.96 OK
r-devel-linux-x86_64-fedora-clang 1.0 52.33 NOTE
r-devel-linux-x86_64-fedora-gcc 1.0 51.03 NOTE
r-devel-windows-x86_64 1.0 23.00 57.00 80.00 OK
r-patched-linux-x86_64 1.0 2.39 39.80 42.19 OK
r-release-linux-x86_64 1.0 OK
r-release-macos-arm64 1.0 17.00 NOTE
r-release-macos-x86_64 1.0 25.00 NOTE
r-release-windows-x86_64 1.0 22.00 56.00 78.00 OK
r-oldrel-macos-arm64 1.0 21.00 NOTE
r-oldrel-macos-x86_64 1.0 33.00 NOTE
r-oldrel-windows-ix86+x86_64 1.0 6.00 51.00 57.00 OK

Check Details

Version: 1.0
Check: dependencies in R code
Result: NOTE
    Namespace in Imports field not imported from: ‘graphics’
     All declared Imports should be used.
Flavors: r-devel-linux-x86_64-fedora-clang, r-devel-linux-x86_64-fedora-gcc, r-release-macos-arm64, r-release-macos-x86_64, r-oldrel-macos-arm64, r-oldrel-macos-x86_64