Last updated on 2023-06-09 02:52:12 CEST.
Flavor | Version | Tinstall | Tcheck | Ttotal | Status | Flags |
---|---|---|---|---|---|---|
r-devel-linux-x86_64-debian-clang | 0.1.3 | 9.04 | 86.58 | 95.62 | OK | |
r-devel-linux-x86_64-debian-gcc | 0.1.3 | 7.02 | 64.89 | 71.91 | OK | |
r-devel-linux-x86_64-fedora-clang | 0.1.3 | 127.04 | NOTE | |||
r-devel-linux-x86_64-fedora-gcc | 0.1.3 | 111.75 | NOTE | |||
r-devel-windows-x86_64 | 0.1.3 | 12.00 | 87.00 | 99.00 | OK | |
r-patched-linux-x86_64 | 0.1.3 | 10.85 | 82.96 | 93.81 | OK | |
r-release-linux-x86_64 | 0.1.3 | 7.12 | 83.00 | 90.12 | OK | |
r-release-macos-arm64 | 0.1.3 | 36.00 | OK | |||
r-release-macos-x86_64 | 0.1.3 | 59.00 | OK | |||
r-release-windows-x86_64 | 0.1.3 | 11.00 | 102.00 | 113.00 | OK | |
r-oldrel-macos-arm64 | 0.1.3 | 29.00 | OK | |||
r-oldrel-macos-x86_64 | 0.1.3 | 49.00 | OK | |||
r-oldrel-windows-x86_64 | 0.1.3 | 12.00 | 102.00 | 114.00 | OK |
Version: 0.1.3
Check: dependencies in R code
Result: NOTE
Namespace in Imports field not imported from: ‘R6’
All declared Imports should be used.
Flavors: r-devel-linux-x86_64-fedora-clang, r-devel-linux-x86_64-fedora-gcc