CRAN Package Check Results for Package eesim

Last updated on 2021-10-20 02:50:02 CEST.

Flavor Version Tinstall Tcheck Ttotal Status Flags
r-devel-linux-x86_64-debian-clang 0.1.0 5.11 268.64 273.75 NOTE
r-devel-linux-x86_64-debian-gcc 0.1.0 4.12 202.75 206.87 NOTE
r-devel-linux-x86_64-fedora-clang 0.1.0 330.80 NOTE
r-devel-linux-x86_64-fedora-gcc 0.1.0 317.45 NOTE
r-devel-windows-x86_64 0.1.0 9.00 338.00 347.00 NOTE
r-devel-windows-x86_64-gcc10-UCRT 0.1.0 NOTE
r-patched-linux-x86_64 0.1.0 5.44 256.44 261.88 NOTE
r-patched-solaris-x86 0.1.0 106.60 NOTE
r-release-linux-x86_64 0.1.0 3.90 260.76 264.66 NOTE
r-release-macos-arm64 0.1.0 NOTE
r-release-macos-x86_64 0.1.0 NOTE
r-release-windows-ix86+x86_64 0.1.0 15.00 335.00 350.00 NOTE
r-oldrel-macos-x86_64 0.1.0 OK
r-oldrel-windows-ix86+x86_64 0.1.0 12.00 332.00 344.00 OK

Check Details

Version: 0.1.0
Check: LazyData
Result: NOTE
     'LazyData' is specified without a 'data' directory
Flavors: r-devel-linux-x86_64-debian-clang, r-devel-linux-x86_64-debian-gcc, r-devel-linux-x86_64-fedora-clang, r-devel-linux-x86_64-fedora-gcc, r-devel-windows-x86_64, r-devel-windows-x86_64-gcc10-UCRT, r-patched-linux-x86_64, r-patched-solaris-x86, r-release-linux-x86_64, r-release-macos-arm64, r-release-macos-x86_64, r-release-windows-ix86+x86_64