Last updated on 2022-06-29 02:55:09 CEST.
Flavor | Version | Tinstall | Tcheck | Ttotal | Status | Flags |
---|---|---|---|---|---|---|
r-devel-linux-x86_64-debian-clang | 0.0.13 | 1005.36 | 51.96 | 1057.32 | OK | |
r-devel-linux-x86_64-debian-gcc | 0.0.13 | 808.56 | 40.84 | 849.40 | OK | |
r-devel-linux-x86_64-fedora-clang | 0.0.13 | 1803.90 | NOTE | |||
r-devel-linux-x86_64-fedora-gcc | 0.0.13 | 1478.94 | OK | |||
r-devel-windows-x86_64 | 0.0.13 | 781.00 | 120.00 | 901.00 | OK | |
r-patched-linux-x86_64 | 0.0.13 | 872.03 | 50.59 | 922.62 | OK | |
r-release-linux-x86_64 | 0.0.13 | 886.70 | 51.46 | 938.16 | OK | |
r-release-macos-arm64 | 0.0.13 | 284.00 | NOTE | |||
r-release-macos-x86_64 | 0.0.13 | 383.00 | NOTE | |||
r-release-windows-x86_64 | 0.0.13 | 783.00 | 121.00 | 904.00 | OK | |
r-oldrel-macos-arm64 | 0.0.13 | 270.00 | NOTE | |||
r-oldrel-macos-x86_64 | 0.0.13 | 366.00 | NOTE | |||
r-oldrel-windows-ix86+x86_64 | 0.0.13 | 2657.00 | 143.00 | 2800.00 | NOTE |
Version: 0.0.13
Check: installed package size
Result: NOTE
installed size is 14.3Mb
sub-directories of 1Mb or more:
data 2.0Mb
libs 12.1Mb
Flavors: r-devel-linux-x86_64-fedora-clang, r-release-macos-arm64, r-release-macos-x86_64, r-oldrel-macos-arm64, r-oldrel-macos-x86_64, r-oldrel-windows-ix86+x86_64