CRAN Package Check Results for Package emoa

Last updated on 2021-10-23 01:48:58 CEST.

Flavor Version Tinstall Tcheck Ttotal Status Flags
r-devel-linux-x86_64-debian-clang 0.5-0.1 6.20 24.24 30.44 OK
r-devel-linux-x86_64-debian-gcc 0.5-0.1 4.17 18.80 22.97 OK
r-devel-linux-x86_64-fedora-clang 0.5-0.1 48.17 NOTE
r-devel-linux-x86_64-fedora-gcc 0.5-0.1 36.77 NOTE
r-devel-windows-x86_64 0.5-0.1 12.00 42.00 54.00 OK
r-devel-windows-x86_64-gcc10-UCRT 0.5-0.1 OK
r-patched-linux-x86_64 0.5-0.1 5.55 23.27 28.82 OK
r-patched-solaris-x86 0.5-0.1 64.00 OK
r-release-linux-x86_64 0.5-0.1 5.28 23.32 28.60 OK
r-release-macos-arm64 0.5-0.1 OK
r-release-macos-x86_64 0.5-0.1 OK
r-release-windows-ix86+x86_64 0.5-0.1 22.00 40.00 62.00 OK
r-oldrel-macos-x86_64 0.5-0.1 OK
r-oldrel-windows-ix86+x86_64 0.5-0.1 47.00 38.00 85.00 OK

Check Details

Version: 0.5-0.1
Check: compiled code
Result: NOTE
    File ‘emoa/libs/emoa.so’:
     Found no calls to: ‘R_registerRoutines’, ‘R_useDynamicSymbols’
    
    It is good practice to register native routines and to disable symbol
    search.
    
    See ‘Writing portable packages’ in the ‘Writing R Extensions’ manual.
Flavors: r-devel-linux-x86_64-fedora-clang, r-devel-linux-x86_64-fedora-gcc