CRAN Package Check Results for Package erah

Last updated on 2022-01-27 02:51:25 CET.

Flavor Version Tinstall Tcheck Ttotal Status Flags
r-devel-linux-x86_64-debian-clang 1.1.2 24.01 177.35 201.36 OK
r-devel-linux-x86_64-debian-gcc 1.1.2 19.83 133.13 152.96 OK
r-devel-linux-x86_64-fedora-clang 1.1.2 179.10 OK
r-devel-linux-x86_64-fedora-gcc 1.1.2 165.70 OK
r-devel-windows-x86_64-new-UL 1.1.2 53.00 196.00 249.00 OK
r-devel-windows-x86_64-new-TK 1.1.2 OK
r-patched-linux-x86_64 1.1.2 19.93 156.02 175.95 OK
r-release-linux-x86_64 1.1.2 15.03 157.11 172.14 OK
r-release-macos-arm64 1.1.2 NOTE
r-release-macos-x86_64 1.1.2 OK
r-release-windows-ix86+x86_64 1.1.2 51.00 211.00 262.00 OK
r-oldrel-macos-x86_64 1.1.2 OK
r-oldrel-windows-ix86+x86_64 1.1.2 51.00 228.00 279.00 OK

Check Details

Version: 1.1.2
Check: package dependencies
Result: NOTE
    Package suggested but not available for checking: ‘mzR’
Flavor: r-release-macos-arm64