CRAN Package Check Results for Package errum

Last updated on 2022-07-04 02:53:30 CEST.

Flavor Version Tinstall Tcheck Ttotal Status Flags
r-devel-linux-x86_64-debian-clang 0.0.3 37.91 30.43 68.34 NOTE
r-devel-linux-x86_64-debian-gcc 0.0.3 32.22 23.59 55.81 NOTE
r-devel-linux-x86_64-fedora-clang 0.0.3 110.89 NOTE
r-devel-linux-x86_64-fedora-gcc 0.0.3 102.31 NOTE
r-devel-windows-x86_64 0.0.3 38.00 78.00 116.00 NOTE
r-patched-linux-x86_64 0.0.3 30.70 29.97 60.67 NOTE
r-release-linux-x86_64 0.0.3 33.14 30.40 63.54 NOTE
r-release-macos-arm64 0.0.3 28.00 NOTE
r-release-macos-x86_64 0.0.3 37.00 NOTE
r-release-windows-x86_64 0.0.3 37.00 79.00 116.00 NOTE
r-oldrel-macos-arm64 0.0.3 34.00 NOTE
r-oldrel-macos-x86_64 0.0.3 51.00 NOTE
r-oldrel-windows-ix86+x86_64 0.0.3 91.00 85.00 176.00 NOTE

Check Details

Version: 0.0.3
Check: LazyData
Result: NOTE
     'LazyData' is specified without a 'data' directory
Flavors: r-devel-linux-x86_64-debian-clang, r-devel-linux-x86_64-debian-gcc, r-devel-linux-x86_64-fedora-clang, r-devel-linux-x86_64-fedora-gcc, r-devel-windows-x86_64, r-patched-linux-x86_64, r-release-linux-x86_64, r-release-macos-arm64, r-release-macos-x86_64, r-release-windows-x86_64, r-oldrel-macos-arm64, r-oldrel-macos-x86_64, r-oldrel-windows-ix86+x86_64