CRAN Package Check Results for Package eseis

Last updated on 2022-01-21 02:54:18 CET.

Flavor Version Tinstall Tcheck Ttotal Status Flags
r-devel-linux-x86_64-debian-clang 0.6.0 OK
r-devel-linux-x86_64-debian-gcc 0.6.0 41.36 142.69 184.05 OK
r-devel-linux-x86_64-fedora-clang 0.6.0 373.12 NOTE
r-devel-linux-x86_64-fedora-gcc 0.6.0 346.90 NOTE
r-devel-windows-x86_64-new-UL 0.6.0 127.00 244.00 371.00 OK
r-devel-windows-x86_64-new-TK 0.6.0 NOTE
r-patched-linux-x86_64 0.6.0 51.36 182.60 233.96 OK
r-release-linux-x86_64 0.6.0 49.00 181.86 230.86 OK
r-release-macos-arm64 0.6.0 NOTE
r-release-macos-x86_64 0.6.0 NOTE
r-release-windows-ix86+x86_64 0.6.0 133.00 347.00 480.00 OK
r-oldrel-macos-x86_64 0.6.0 NOTE
r-oldrel-windows-ix86+x86_64 0.6.0 134.00 350.00 484.00 OK

Check Details

Version: 0.6.0
Check: dependencies in R code
Result: NOTE
    Namespaces in Imports field not imported from:
     ‘EMMAgeo’ ‘limSolve’ ‘shinyFiles’
     All declared Imports should be used.
Flavors: r-devel-linux-x86_64-fedora-clang, r-devel-linux-x86_64-fedora-gcc, r-devel-windows-x86_64-new-TK, r-release-macos-arm64, r-release-macos-x86_64, r-oldrel-macos-x86_64