CRAN Package Check Results for Package evabic

Last updated on 2022-01-29 02:49:47 CET.

Flavor Version Tinstall Tcheck Ttotal Status Flags
r-devel-linux-x86_64-debian-clang 0.0.3 1.73 34.05 35.78 NOTE
r-devel-linux-x86_64-debian-gcc 0.0.3 1.66 26.26 27.92 NOTE
r-devel-linux-x86_64-fedora-clang 0.0.3 43.86 NOTE
r-devel-linux-x86_64-fedora-gcc 0.0.3 33.05 NOTE
r-devel-windows-x86_64-new-UL 0.0.3 26.00 55.00 81.00 NOTE
r-devel-windows-x86_64-new-TK 0.0.3 NOTE
r-patched-linux-x86_64 0.0.3 2.10 31.62 33.72 NOTE
r-release-linux-x86_64 0.0.3 2.11 31.57 33.68 NOTE
r-release-macos-arm64 0.0.3 NOTE
r-release-macos-x86_64 0.0.3 NOTE
r-release-windows-ix86+x86_64 0.0.3 5.00 40.00 45.00 NOTE
r-oldrel-macos-x86_64 0.0.3 OK
r-oldrel-windows-ix86+x86_64 0.0.3 5.00 41.00 46.00 OK

Check Details

Version: 0.0.3
Check: LazyData
Result: NOTE
     'LazyData' is specified without a 'data' directory
Flavors: r-devel-linux-x86_64-debian-clang, r-devel-linux-x86_64-debian-gcc, r-devel-linux-x86_64-fedora-clang, r-devel-linux-x86_64-fedora-gcc, r-devel-windows-x86_64-new-UL, r-devel-windows-x86_64-new-TK, r-patched-linux-x86_64, r-release-linux-x86_64, r-release-macos-arm64, r-release-macos-x86_64, r-release-windows-ix86+x86_64