CRAN Package Check Results for Package evabic

Last updated on 2022-06-30 02:52:24 CEST.

Flavor Version Tinstall Tcheck Ttotal Status Flags
r-devel-linux-x86_64-debian-clang 0.0.3 1.98 25.01 26.99 NOTE
r-devel-linux-x86_64-debian-gcc 0.0.3 1.71 19.91 21.62 NOTE
r-devel-linux-x86_64-fedora-clang 0.0.3 44.94 NOTE
r-devel-linux-x86_64-fedora-gcc 0.0.3 43.09 NOTE
r-devel-windows-x86_64 0.0.3 17.00 52.00 69.00 NOTE
r-patched-linux-x86_64 0.0.3 2.78 24.75 27.53 NOTE
r-release-linux-x86_64 0.0.3 2.11 25.25 27.36 NOTE
r-release-macos-arm64 0.0.3 16.00 NOTE
r-release-macos-x86_64 0.0.3 23.00 NOTE
r-release-windows-x86_64 0.0.3 20.00 51.00 71.00 NOTE
r-oldrel-macos-arm64 0.0.3 17.00 NOTE
r-oldrel-macos-x86_64 0.0.3 28.00 NOTE
r-oldrel-windows-ix86+x86_64 0.0.3 6.00 42.00 48.00 NOTE

Check Details

Version: 0.0.3
Check: LazyData
Result: NOTE
     'LazyData' is specified without a 'data' directory
Flavors: r-devel-linux-x86_64-debian-clang, r-devel-linux-x86_64-debian-gcc, r-devel-linux-x86_64-fedora-clang, r-devel-linux-x86_64-fedora-gcc, r-devel-windows-x86_64, r-patched-linux-x86_64, r-release-linux-x86_64, r-release-macos-arm64, r-release-macos-x86_64, r-release-windows-x86_64, r-oldrel-macos-arm64, r-oldrel-macos-x86_64, r-oldrel-windows-ix86+x86_64