CRAN Package Check Results for Package evdbayes

Last updated on 2021-06-23 02:50:50 CEST.

Flavor Version Tinstall Tcheck Ttotal Status Flags
r-devel-linux-x86_64-debian-clang 1.1-1 3.86 33.42 37.28 NOTE
r-devel-linux-x86_64-debian-gcc 1.1-1 3.07 24.95 28.02 NOTE
r-devel-linux-x86_64-fedora-clang 1.1-1 53.15 NOTE
r-devel-linux-x86_64-fedora-gcc 1.1-1 43.10 NOTE
r-devel-windows-x86_64 1.1-1 6.00 39.00 45.00 NOTE
r-devel-windows-x86_64-gcc10-UCRT 1.1-1 NOTE
r-patched-linux-x86_64 1.1-1 4.09 31.78 35.87 NOTE
r-patched-solaris-x86 1.1-1 57.40 NOTE
r-release-linux-x86_64 1.1-1 3.84 32.52 36.36 NOTE
r-release-macos-arm64 1.1-1 NOTE
r-release-macos-x86_64 1.1-1 NOTE
r-release-windows-ix86+x86_64 1.1-1 8.00 37.00 45.00 NOTE
r-oldrel-macos-x86_64 1.1-1 NOTE
r-oldrel-windows-ix86+x86_64 1.1-1 8.00 40.00 48.00 NOTE

Check Details

Version: 1.1-1
Check: R code for possible problems
Result: NOTE
    mposterior: no visible global function definition for 'optim'
    rl.pred: no visible global function definition for 'matplot'
    rl.pst: no visible binding for global variable 'quantile'
    rl.pst: no visible global function definition for 'matplot'
    Undefined global functions or variables:
     matplot optim quantile
    Consider adding
     importFrom("graphics", "matplot")
     importFrom("stats", "optim", "quantile")
    to your NAMESPACE file.
Flavors: r-devel-linux-x86_64-debian-clang, r-devel-linux-x86_64-debian-gcc, r-devel-linux-x86_64-fedora-clang, r-devel-linux-x86_64-fedora-gcc, r-devel-windows-x86_64, r-devel-windows-x86_64-gcc10-UCRT, r-patched-linux-x86_64, r-patched-solaris-x86, r-release-linux-x86_64, r-release-macos-arm64, r-release-macos-x86_64, r-release-windows-ix86+x86_64, r-oldrel-macos-x86_64, r-oldrel-windows-ix86+x86_64

Version: 1.1-1
Check: compiled code
Result: NOTE
    File ‘evdbayes/libs/evdbayes.so’:
     Found no calls to: ‘R_registerRoutines’, ‘R_useDynamicSymbols’
    
    It is good practice to register native routines and to disable symbol
    search.
    
    See ‘Writing portable packages’ in the ‘Writing R Extensions’ manual.
Flavors: r-devel-linux-x86_64-fedora-clang, r-devel-linux-x86_64-fedora-gcc