CRAN Package Check Results for Package ewoc

Last updated on 2022-07-04 02:53:30 CEST.

Flavor Version Tinstall Tcheck Ttotal Status Flags
r-devel-linux-x86_64-debian-clang 0.3.0 7.05 74.12 81.17 NOTE
r-devel-linux-x86_64-debian-gcc 0.3.0 6.40 53.80 60.20 NOTE
r-devel-linux-x86_64-fedora-clang 0.3.0 106.43 NOTE
r-devel-linux-x86_64-fedora-gcc 0.3.0 104.05 NOTE
r-devel-windows-x86_64 0.3.0 19.00 128.00 147.00 NOTE
r-patched-linux-x86_64 0.3.0 7.10 69.71 76.81 NOTE
r-release-linux-x86_64 0.3.0 5.45 67.63 73.08 NOTE
r-release-macos-arm64 0.3.0 36.00 NOTE
r-release-macos-x86_64 0.3.0 45.00 NOTE
r-release-windows-x86_64 0.3.0 21.00 126.00 147.00 NOTE
r-oldrel-macos-arm64 0.3.0 29.00 NOTE
r-oldrel-macos-x86_64 0.3.0 49.00 NOTE
r-oldrel-windows-ix86+x86_64 0.3.0 19.00 119.00 138.00 NOTE

Check Details

Version: 0.3.0
Check: LazyData
Result: NOTE
     'LazyData' is specified without a 'data' directory
Flavors: r-devel-linux-x86_64-debian-clang, r-devel-linux-x86_64-debian-gcc, r-devel-linux-x86_64-fedora-clang, r-devel-linux-x86_64-fedora-gcc, r-devel-windows-x86_64, r-patched-linux-x86_64, r-release-linux-x86_64, r-release-macos-arm64, r-release-macos-x86_64, r-release-windows-x86_64, r-oldrel-macos-arm64, r-oldrel-macos-x86_64, r-oldrel-windows-ix86+x86_64

Version: 0.3.0
Check: dependencies in R code
Result: NOTE
    Namespace in Imports field not imported from: ‘parallel’
     All declared Imports should be used.
Flavors: r-devel-linux-x86_64-fedora-clang, r-devel-linux-x86_64-fedora-gcc, r-release-macos-arm64, r-release-macos-x86_64, r-oldrel-macos-arm64, r-oldrel-macos-x86_64