Last updated on 2023-06-05 02:58:18 CEST.
Flavor | Version | Tinstall | Tcheck | Ttotal | Status | Flags |
---|---|---|---|---|---|---|
r-devel-linux-x86_64-debian-clang | 0.9.1 | 119.99 | 414.56 | 534.55 | NOTE | |
r-devel-linux-x86_64-debian-gcc | 0.9.1 | 89.84 | 316.40 | 406.24 | NOTE | |
r-devel-linux-x86_64-fedora-clang | 0.9.1 | 771.54 | NOTE | |||
r-devel-linux-x86_64-fedora-gcc | 0.9.1 | 716.20 | NOTE | |||
r-devel-windows-x86_64 | 0.9.1 | 89.00 | 317.00 | 406.00 | NOTE | |
r-patched-linux-x86_64 | 0.9.1 | 103.46 | 402.23 | 505.69 | NOTE | |
r-release-linux-x86_64 | 0.9.1 | 98.38 | 401.66 | 500.04 | NOTE | |
r-release-macos-arm64 | 0.9.1 | 172.00 | NOTE | |||
r-release-macos-x86_64 | 0.9.1 | 312.00 | NOTE | |||
r-release-windows-x86_64 | 0.9.1 | 112.00 | 428.00 | 540.00 | NOTE | |
r-oldrel-macos-arm64 | 0.9.1 | 213.00 | NOTE | |||
r-oldrel-macos-x86_64 | 0.9.1 | 221.00 | ERROR | |||
r-oldrel-windows-x86_64 | 0.9.1 | 113.00 | 400.00 | 513.00 | OK |
Version: 0.9.1
Check: C++ specification
Result: NOTE
Specified C++14: please drop specification unless essential
Flavors: r-devel-linux-x86_64-debian-clang, r-devel-linux-x86_64-debian-gcc, r-devel-linux-x86_64-fedora-clang, r-devel-linux-x86_64-fedora-gcc, r-devel-windows-x86_64, r-patched-linux-x86_64, r-release-linux-x86_64, r-release-macos-arm64, r-release-macos-x86_64, r-release-windows-x86_64
Version: 0.9.1
Check: installed package size
Result: NOTE
installed size is 7.7Mb
sub-directories of 1Mb or more:
libs 6.9Mb
Flavors: r-release-macos-arm64, r-release-macos-x86_64, r-oldrel-macos-arm64, r-oldrel-macos-x86_64
Version: 0.9.1
Check: tests
Result: ERROR
Running ‘testthat.R’ [30s/30s]
Running the tests in ‘tests/testthat.R’ failed.
Last 13 lines of output:
── Error ('test_helper_blocksize.R:34:3'): blockSize reports block size in row-col order ──
Error: [writeRaster] invalid driver
Backtrace:
▆
1. ├─base::suppressWarnings(...) at test_helper_blocksize.R:34:2
2. │ └─base::withCallingHandlers(...)
3. ├─terra::writeRaster(...) at test_helper_blocksize.R:35:4
4. └─terra::writeRaster(...)
5. └─terra (local) .local(x, filename, ...)
6. └─terra:::messages(x, "writeRaster")
7. └─terra:::error(f, [email protected]$getError())
[ FAIL 1 | WARN 0 | SKIP 0 | PASS 463 ]
Error: Test failures
Execution halted
Flavor: r-oldrel-macos-x86_64