CRAN Package Check Results for Package fBasics

Last updated on 2021-11-27 02:49:16 CET.

Flavor Version Tinstall Tcheck Ttotal Status Flags
r-devel-linux-x86_64-debian-clang 3042.89.1 73.10 169.05 242.15 OK
r-devel-linux-x86_64-debian-gcc 3042.89.1 56.55 131.15 187.70 OK
r-devel-linux-x86_64-fedora-clang 3042.89.1 310.10 NOTE
r-devel-linux-x86_64-fedora-gcc 3042.89.1 276.24 NOTE
r-devel-windows-x86_64-new-UL 3042.89.1 135.00 203.00 338.00 OK
r-devel-windows-x86_64-new-TK 3042.89.1 OK
r-devel-windows-x86_64-old 3042.89.1 88.00 197.00 285.00 OK
r-patched-linux-x86_64 3042.89.1 75.87 165.94 241.81 OK
r-patched-solaris-x86 3042.89.1 438.20 OK
r-release-linux-x86_64 3042.89.1 OK
r-release-macos-arm64 3042.89.1 OK
r-release-macos-x86_64 3042.89.1 OK
r-release-windows-ix86+x86_64 3042.89.1 116.00 189.00 305.00 OK
r-oldrel-macos-x86_64 3042.89.1 OK
r-oldrel-windows-ix86+x86_64 3042.89.1 78.00 238.00 316.00 OK

Check Details

Version: 3042.89.1
Check: compiled code
Result: NOTE
    File ‘fBasics/libs/fBasics.so’:
     Found no calls to: ‘R_registerRoutines’, ‘R_useDynamicSymbols’
    
    It is good practice to register native routines and to disable symbol
    search.
    
    See ‘Writing portable packages’ in the ‘Writing R Extensions’ manual.
Flavors: r-devel-linux-x86_64-fedora-clang, r-devel-linux-x86_64-fedora-gcc