CRAN Package Check Results for Package fTrading

Last updated on 2022-01-28 02:50:59 CET.

Flavor Version Tinstall Tcheck Ttotal Status Flags
r-devel-linux-x86_64-debian-clang 3042.79 4.21 64.20 68.41 NOTE
r-devel-linux-x86_64-debian-gcc 3042.79 5.20 49.19 54.39 NOTE
r-devel-linux-x86_64-fedora-clang 3042.79 81.37 NOTE
r-devel-linux-x86_64-fedora-gcc 3042.79 73.90 NOTE
r-devel-windows-x86_64-new-UL 3042.79 52.00 78.00 130.00 NOTE
r-devel-windows-x86_64-new-TK 3042.79 NOTE
r-patched-linux-x86_64 3042.79 6.74 59.49 66.23 NOTE
r-release-linux-x86_64 3042.79 3.82 58.88 62.70 NOTE
r-release-macos-arm64 3042.79 NOTE
r-release-macos-x86_64 3042.79 NOTE
r-release-windows-ix86+x86_64 3042.79 13.00 80.00 93.00 NOTE
r-oldrel-macos-x86_64 3042.79 OK
r-oldrel-windows-ix86+x86_64 3042.79 13.00 73.00 86.00 OK

Check Details

Version: 3042.79
Check: LazyData
Result: NOTE
     'LazyData' is specified without a 'data' directory
Flavors: r-devel-linux-x86_64-debian-clang, r-devel-linux-x86_64-debian-gcc, r-devel-linux-x86_64-fedora-clang, r-devel-linux-x86_64-fedora-gcc, r-devel-windows-x86_64-new-UL, r-devel-windows-x86_64-new-TK, r-patched-linux-x86_64, r-release-linux-x86_64, r-release-macos-arm64, r-release-macos-x86_64, r-release-windows-ix86+x86_64