CRAN Package Check Results for Package fastnet

Last updated on 2022-06-29 02:55:10 CEST.

Flavor Version Tinstall Tcheck Ttotal Status Flags
r-devel-linux-x86_64-debian-clang 1.0.0 3.98 38.19 42.17 NOTE
r-devel-linux-x86_64-debian-gcc 1.0.0 3.89 30.05 33.94 NOTE
r-devel-linux-x86_64-fedora-clang 1.0.0 62.98 NOTE
r-devel-linux-x86_64-fedora-gcc 1.0.0 62.42 NOTE
r-devel-windows-x86_64 1.0.0 35.00 68.00 103.00 NOTE
r-patched-linux-x86_64 1.0.0 6.09 38.16 44.25 NOTE
r-release-linux-x86_64 1.0.0 4.44 37.88 42.32 NOTE
r-release-macos-arm64 1.0.0 22.00 NOTE
r-release-macos-x86_64 1.0.0 40.00 NOTE
r-release-windows-x86_64 1.0.0 41.00 68.00 109.00 NOTE
r-oldrel-macos-arm64 1.0.0 27.00 NOTE
r-oldrel-macos-x86_64 1.0.0 40.00 NOTE
r-oldrel-windows-ix86+x86_64 1.0.0 10.00 58.00 68.00 NOTE

Check Details

Version: 1.0.0
Check: LazyData
Result: NOTE
     'LazyData' is specified without a 'data' directory
Flavors: r-devel-linux-x86_64-debian-clang, r-devel-linux-x86_64-debian-gcc, r-devel-linux-x86_64-fedora-clang, r-devel-linux-x86_64-fedora-gcc, r-devel-windows-x86_64, r-patched-linux-x86_64, r-release-linux-x86_64, r-release-macos-arm64, r-release-macos-x86_64, r-release-windows-x86_64, r-oldrel-macos-arm64, r-oldrel-macos-x86_64, r-oldrel-windows-ix86+x86_64