CRAN Package Check Results for Package faux

Last updated on 2021-07-29 02:51:05 CEST.

Flavor Version Tinstall Tcheck Ttotal Status Flags
r-devel-linux-x86_64-debian-clang 1.0.0 OK
r-devel-linux-x86_64-debian-gcc 1.0.0 10.14 148.72 158.86 OK
r-devel-linux-x86_64-fedora-clang 1.0.0 258.52 OK
r-devel-linux-x86_64-fedora-gcc 1.0.0 251.81 OK
r-devel-windows-x86_64 1.0.0 15.00 261.00 276.00 OK
r-devel-windows-x86_64-gcc10-UCRT 1.0.0 OK
r-patched-linux-x86_64 1.0.0 11.60 190.97 202.57 OK
r-patched-solaris-x86 1.0.0 328.70 NOTE
r-release-linux-x86_64 1.0.0 9.93 191.45 201.38 OK
r-release-macos-arm64 1.0.0 WARN
r-release-macos-x86_64 1.0.0 OK
r-release-windows-ix86+x86_64 1.0.0 27.00 246.00 273.00 OK
r-oldrel-macos-x86_64 1.0.0 OK
r-oldrel-windows-ix86+x86_64 1.0.0 19.00 257.00 276.00 OK

Check Details

Version: 1.0.0
Check: installed package size
Result: NOTE
     installed size is 5.2Mb
     sub-directories of 1Mb or more:
     doc 2.1Mb
     help 1.8Mb
Flavor: r-patched-solaris-x86

Version: 1.0.0
Check: re-building of vignette outputs
Result: WARN
    Error(s) in re-building vignettes:
    --- re-building ‘codebook.Rmd’ using rmarkdown
    Warning in engine$weave(file, quiet = quiet, encoding = enc) :
     Pandoc (>= 1.12.3) not available. Falling back to R Markdown v1.
    
    ************
    Welcome to faux. For support and examples visit:
    https://debruine.github.io/faux/
    - Get and set global package options with: faux_options()
    ************
    --- finished re-building ‘codebook.Rmd’
    
    --- re-building ‘continuous.Rmd’ using rmarkdown
    Warning in engine$weave(file, quiet = quiet, encoding = enc) :
     Pandoc (>= 1.12.3) not available. Falling back to R Markdown v1.
    
    ************
    Welcome to faux. For support and examples visit:
    https://debruine.github.io/faux/
    - Get and set global package options with: faux_options()
    ************
    
    Attaching package: 'dplyr'
    
    The following objects are masked from 'package:stats':
    
     filter, lag
    
    The following objects are masked from 'package:base':
    
     intersect, setdiff, setequal, union
    
    Quitting from lines 39-41 (continuous.Rmd)
    Error: processing vignette 'continuous.Rmd' failed with diagnostics:
    polygon edge not found
    --- failed re-building ‘continuous.Rmd’
    
    --- re-building ‘distributions.Rmd’ using rmarkdown
    Warning in engine$weave(file, quiet = quiet, encoding = enc) :
     Pandoc (>= 1.12.3) not available. Falling back to R Markdown v1.
    
    ************
    Welcome to faux. For support and examples visit:
    https://debruine.github.io/faux/
    - Get and set global package options with: faux_options()
    ************
    Quitting from lines 52-65 (distributions.Rmd)
    Error: processing vignette 'distributions.Rmd' failed with diagnostics:
    polygon edge not found
    --- failed re-building ‘distributions.Rmd’
    
    --- re-building ‘plots.Rmd’ using rmarkdown
    Warning in engine$weave(file, quiet = quiet, encoding = enc) :
     Pandoc (>= 1.12.3) not available. Falling back to R Markdown v1.
    
    ************
    Welcome to faux. For support and examples visit:
    https://debruine.github.io/faux/
    - Get and set global package options with: faux_options()
    ************
    Quitting from lines 31-39 (plots.Rmd)
    Error: processing vignette 'plots.Rmd' failed with diagnostics:
    polygon edge not found
    --- failed re-building ‘plots.Rmd’
    
    --- re-building ‘rnorm_multi.Rmd’ using rmarkdown
    Warning in engine$weave(file, quiet = quiet, encoding = enc) :
     Pandoc (>= 1.12.3) not available. Falling back to R Markdown v1.
    
    Attaching package: 'dplyr'
    
    The following objects are masked from 'package:stats':
    
     filter, lag
    
    The following objects are masked from 'package:base':
    
     intersect, setdiff, setequal, union
    
    
    ************
    Welcome to faux. For support and examples visit:
    https://debruine.github.io/faux/
    - Get and set global package options with: faux_options()
    ************
    --- finished re-building ‘rnorm_multi.Rmd’
    
    --- re-building ‘sim_design.Rmd’ using rmarkdown
    Warning in engine$weave(file, quiet = quiet, encoding = enc) :
     Pandoc (>= 1.12.3) not available. Falling back to R Markdown v1.
    
    ************
    Welcome to faux. For support and examples visit:
    https://debruine.github.io/faux/
    - Get and set global package options with: faux_options()
    ************
    Quitting from lines 35-46 (sim_design.Rmd)
    Error: processing vignette 'sim_design.Rmd' failed with diagnostics:
    polygon edge not found
    --- failed re-building ‘sim_design.Rmd’
    
    --- re-building ‘sim_df.Rmd’ using rmarkdown
    Warning in engine$weave(file, quiet = quiet, encoding = enc) :
     Pandoc (>= 1.12.3) not available. Falling back to R Markdown v1.
    
    Attaching package: 'dplyr'
    
    The following objects are masked from 'package:stats':
    
     filter, lag
    
    The following objects are masked from 'package:base':
    
     intersect, setdiff, setequal, union
    
    
    ************
    Welcome to faux. For support and examples visit:
    https://debruine.github.io/faux/
    - Get and set global package options with: faux_options()
    ************
    Quitting from lines 34-38 (sim_df.Rmd)
    Error: processing vignette 'sim_df.Rmd' failed with diagnostics:
    polygon edge not found
    --- failed re-building ‘sim_df.Rmd’
    
    --- re-building ‘sim_mixed.Rmd’ using rmarkdown
    Warning in engine$weave(file, quiet = quiet, encoding = enc) :
     Pandoc (>= 1.12.3) not available. Falling back to R Markdown v1.
    
    Attaching package: 'dplyr'
    
    The following objects are masked from 'package:stats':
    
     filter, lag
    
    The following objects are masked from 'package:base':
    
     intersect, setdiff, setequal, union
    
    Loading required package: Matrix
    
    Attaching package: 'Matrix'
    
    The following objects are masked from 'package:tidyr':
    
     expand, pack, unpack
    
    
    ************
    Welcome to faux. For support and examples visit:
    https://debruine.github.io/faux/
    - Get and set global package options with: faux_options()
    ************
    --- finished re-building ‘sim_mixed.Rmd’
    
    SUMMARY: processing the following files failed:
     ‘continuous.Rmd’ ‘distributions.Rmd’ ‘plots.Rmd’ ‘sim_design.Rmd’
     ‘sim_df.Rmd’
    
    Error: Vignette re-building failed.
    Execution halted
Flavor: r-release-macos-arm64