CRAN Package Check Results for Package fdANOVA

Last updated on 2021-09-22 02:49:16 CEST.

Flavor Version Tinstall Tcheck Ttotal Status Flags
r-devel-linux-x86_64-debian-clang 0.1.2 16.91 164.40 181.31 OK
r-devel-linux-x86_64-debian-gcc 0.1.2 15.14 119.71 134.85 OK
r-devel-linux-x86_64-fedora-clang 0.1.2 222.11 OK
r-devel-linux-x86_64-fedora-gcc 0.1.2 207.17 OK
r-devel-windows-x86_64 0.1.2 21.00 149.00 170.00 OK
r-devel-windows-x86_64-gcc10-UCRT 0.1.2 ERROR
r-patched-linux-x86_64 0.1.2 17.87 138.37 156.24 OK
r-patched-solaris-x86 0.1.2 263.80 OK
r-release-linux-x86_64 0.1.2 16.20 137.89 154.09 OK
r-release-macos-arm64 0.1.2 OK
r-release-macos-x86_64 0.1.2 OK
r-release-windows-ix86+x86_64 0.1.2 37.00 127.00 164.00 OK
r-oldrel-macos-x86_64 0.1.2 OK
r-oldrel-windows-ix86+x86_64 0.1.2 38.00 127.00 165.00 OK

Check Details

Version: 0.1.2
Check: whether package can be installed
Result: WARN
    Found the following significant warnings:
     WARNING: installation-time patches will not be applied, could not get the patches index
Flavor: r-devel-windows-x86_64-gcc10-UCRT

Version: 0.1.2
Check: PDF version of manual
Result: WARN
    LaTeX errors when creating PDF version.
    This typically indicates Rd problems.
Flavor: r-devel-windows-x86_64-gcc10-UCRT

Version: 0.1.2
Check: PDF version of manual without hyperrefs or index
Result: ERROR
    Re-running with no redirection of stdout/stderr.
Flavor: r-devel-windows-x86_64-gcc10-UCRT