CRAN Package Check Results for Package fdistr

Last updated on 2022-06-27 02:54:26 CEST.

Flavor Version Tinstall Tcheck Ttotal Status Flags
r-devel-linux-x86_64-debian-clang 0.1.0 5.37 56.27 61.64 OK
r-devel-linux-x86_64-debian-gcc 0.1.0 4.57 41.21 45.78 OK
r-devel-linux-x86_64-fedora-clang 0.1.0 84.53 NOTE
r-devel-linux-x86_64-fedora-gcc 0.1.0 81.48 NOTE
r-devel-windows-x86_64 0.1.0 17.00 78.00 95.00 OK
r-patched-linux-x86_64 0.1.0 5.59 52.43 58.02 OK
r-release-linux-x86_64 0.1.0 6.29 53.58 59.87 OK
r-release-macos-arm64 0.1.0 24.00 NOTE
r-release-macos-x86_64 0.1.0 46.00 NOTE
r-release-windows-x86_64 0.1.0 18.00 82.00 100.00 OK
r-oldrel-macos-arm64 0.1.0 30.00 NOTE
r-oldrel-macos-x86_64 0.1.0 46.00 NOTE
r-oldrel-windows-ix86+x86_64 0.1.0 16.00 73.00 89.00 OK

Check Details

Version: 0.1.0
Check: dependencies in R code
Result: NOTE
    Namespaces in Imports field not imported from:
     ‘usethis’ ‘utils’
     All declared Imports should be used.
Flavors: r-devel-linux-x86_64-fedora-clang, r-devel-linux-x86_64-fedora-gcc, r-release-macos-arm64, r-release-macos-x86_64, r-oldrel-macos-arm64, r-oldrel-macos-x86_64

Version: 0.1.0
Check: data for non-ASCII characters
Result: NOTE
     Note: found 1 marked Latin-1 string
Flavors: r-devel-linux-x86_64-fedora-clang, r-devel-linux-x86_64-fedora-gcc, r-release-macos-arm64, r-release-macos-x86_64, r-oldrel-macos-arm64, r-oldrel-macos-x86_64