CRAN Package Check Results for Package fec16

Last updated on 2022-01-27 02:51:26 CET.

Flavor Version Tinstall Tcheck Ttotal Status Flags
r-devel-linux-x86_64-debian-clang 0.1.3 6.01 67.69 73.70 OK
r-devel-linux-x86_64-debian-gcc 0.1.3 5.24 52.12 57.36 OK
r-devel-linux-x86_64-fedora-clang 0.1.3 87.25 NOTE
r-devel-linux-x86_64-fedora-gcc 0.1.3 78.01 NOTE
r-devel-windows-x86_64-new-UL 0.1.3 31.00 98.00 129.00 OK
r-devel-windows-x86_64-new-TK 0.1.3 NOTE
r-patched-linux-x86_64 0.1.3 6.55 61.49 68.04 OK
r-release-linux-x86_64 0.1.3 5.97 60.52 66.49 OK
r-release-macos-arm64 0.1.3 NOTE
r-release-macos-x86_64 0.1.3 NOTE
r-release-windows-ix86+x86_64 0.1.3 15.00 76.00 91.00 OK
r-oldrel-macos-x86_64 0.1.3 NOTE
r-oldrel-windows-ix86+x86_64 0.1.3 16.00 76.00 92.00 OK

Check Details

Version: 0.1.3
Check: data for non-ASCII characters
Result: NOTE
     Note: found 20 marked UTF-8 strings
Flavors: r-devel-linux-x86_64-fedora-clang, r-devel-linux-x86_64-fedora-gcc, r-devel-windows-x86_64-new-TK, r-release-macos-arm64, r-release-macos-x86_64, r-oldrel-macos-x86_64