CRAN Package Check Results for Package fgeo.analyze

Last updated on 2022-07-02 02:53:03 CEST.

Flavor Version Tinstall Tcheck Ttotal Status Flags
r-devel-linux-x86_64-debian-clang 1.1.14 7.39 137.61 145.00 NOTE
r-devel-linux-x86_64-debian-gcc 1.1.14 5.76 101.20 106.96 NOTE
r-devel-linux-x86_64-fedora-clang 1.1.14 174.48 NOTE
r-devel-linux-x86_64-fedora-gcc 1.1.14 175.57 NOTE
r-devel-windows-x86_64 1.1.14 72.00 159.00 231.00 NOTE
r-patched-linux-x86_64 1.1.14 10.60 127.99 138.59 NOTE
r-release-linux-x86_64 1.1.14 4.29 127.90 132.19 NOTE
r-release-macos-arm64 1.1.14 43.00 NOTE
r-release-macos-x86_64 1.1.14 87.00 NOTE
r-release-windows-x86_64 1.1.14 40.00 157.00 197.00 NOTE
r-oldrel-macos-arm64 1.1.14 54.00 NOTE
r-oldrel-macos-x86_64 1.1.14 64.00 NOTE
r-oldrel-windows-ix86+x86_64 1.1.14 17.00 158.00 175.00 NOTE

Check Details

Version: 1.1.14
Check: LazyData
Result: NOTE
     'LazyData' is specified without a 'data' directory
Flavors: r-devel-linux-x86_64-debian-clang, r-devel-linux-x86_64-debian-gcc, r-devel-linux-x86_64-fedora-clang, r-devel-linux-x86_64-fedora-gcc, r-devel-windows-x86_64, r-patched-linux-x86_64, r-release-linux-x86_64, r-release-macos-arm64, r-release-macos-x86_64, r-release-windows-x86_64, r-oldrel-macos-arm64, r-oldrel-macos-x86_64, r-oldrel-windows-ix86+x86_64