CRAN Package Check Results for Package fitur

Last updated on 2022-01-27 02:51:27 CET.

Flavor Version Tinstall Tcheck Ttotal Status Flags
r-devel-linux-x86_64-debian-clang 0.6.2 5.71 91.88 97.59 OK
r-devel-linux-x86_64-debian-gcc 0.6.2 4.33 68.58 72.91 OK
r-devel-linux-x86_64-fedora-clang 0.6.2 122.24 NOTE
r-devel-linux-x86_64-fedora-gcc 0.6.2 113.54 NOTE
r-devel-windows-x86_64-new-UL 0.6.2 30.00 127.00 157.00 OK
r-devel-windows-x86_64-new-TK 0.6.2 NOTE
r-patched-linux-x86_64 0.6.2 5.77 86.30 92.07 OK
r-release-linux-x86_64 0.6.2 5.51 84.92 90.43 OK
r-release-macos-arm64 0.6.2 NOTE
r-release-macos-x86_64 0.6.2 NOTE
r-release-windows-ix86+x86_64 0.6.2 16.00 108.00 124.00 OK
r-oldrel-macos-x86_64 0.6.2 NOTE
r-oldrel-windows-ix86+x86_64 0.6.2 17.00 106.00 123.00 OK

Check Details

Version: 0.6.2
Check: dependencies in R code
Result: NOTE
    Namespace in Imports field not imported from: ‘rstudioapi’
     All declared Imports should be used.
Flavors: r-devel-linux-x86_64-fedora-clang, r-devel-linux-x86_64-fedora-gcc, r-devel-windows-x86_64-new-TK, r-release-macos-arm64, r-release-macos-x86_64, r-oldrel-macos-x86_64