CRAN Package Check Results for Package fivethirtyeight

Last updated on 2021-08-04 02:49:56 CEST.

Flavor Version Tinstall Tcheck Ttotal Status Flags
r-devel-linux-x86_64-debian-clang 0.6.1 7.93 60.89 68.82 NOTE
r-devel-linux-x86_64-debian-gcc 0.6.1 7.04 47.87 54.91 NOTE
r-devel-linux-x86_64-fedora-clang 0.6.1 94.17 NOTE
r-devel-linux-x86_64-fedora-gcc 0.6.1 83.34 NOTE
r-devel-windows-x86_64 0.6.1 14.00 85.00 99.00 NOTE
r-devel-windows-x86_64-gcc10-UCRT 0.6.1 NOTE
r-patched-linux-x86_64 0.6.1 10.14 58.59 68.73 NOTE
r-patched-solaris-x86 0.6.1 114.60 NOTE
r-release-linux-x86_64 0.6.1 7.17 58.24 65.41 NOTE
r-release-macos-arm64 0.6.1 WARN
r-release-macos-x86_64 0.6.1 NOTE
r-release-windows-ix86+x86_64 0.6.1 17.00 88.00 105.00 NOTE
r-oldrel-macos-x86_64 0.6.1 NOTE
r-oldrel-windows-ix86+x86_64 0.6.1 12.00 85.00 97.00 NOTE

Check Details

Version: 0.6.1
Check: package dependencies
Result: NOTE
    Package suggested but not available for checking: 'fivethirtyeightdata'
Flavors: r-devel-linux-x86_64-debian-clang, r-devel-linux-x86_64-debian-gcc, r-devel-linux-x86_64-fedora-clang, r-devel-linux-x86_64-fedora-gcc, r-devel-windows-x86_64, r-devel-windows-x86_64-gcc10-UCRT, r-patched-linux-x86_64, r-patched-solaris-x86, r-release-linux-x86_64, r-release-macos-arm64, r-release-macos-x86_64, r-release-windows-ix86+x86_64, r-oldrel-macos-x86_64, r-oldrel-windows-ix86+x86_64

Version: 0.6.1
Check: Rd cross-references
Result: NOTE
    Package unavailable to check Rd xrefs: 'fivethirtyeightdata'
Flavors: r-devel-linux-x86_64-debian-clang, r-devel-linux-x86_64-debian-gcc, r-devel-linux-x86_64-fedora-clang, r-devel-linux-x86_64-fedora-gcc, r-devel-windows-x86_64, r-devel-windows-x86_64-gcc10-UCRT, r-patched-linux-x86_64, r-patched-solaris-x86, r-release-linux-x86_64, r-release-macos-arm64, r-release-macos-x86_64, r-release-windows-ix86+x86_64, r-oldrel-macos-x86_64, r-oldrel-windows-ix86+x86_64

Version: 0.6.1
Check: installed package size
Result: NOTE
     installed size is 5.0Mb
     sub-directories of 1Mb or more:
     data 3.8Mb
Flavors: r-devel-linux-x86_64-fedora-clang, r-patched-solaris-x86

Version: 0.6.1
Check: data for non-ASCII characters
Result: NOTE
     Note: found 584 marked UTF-8 strings
Flavors: r-devel-linux-x86_64-fedora-clang, r-devel-linux-x86_64-fedora-gcc, r-devel-windows-x86_64-gcc10-UCRT, r-patched-solaris-x86, r-release-macos-arm64, r-release-macos-x86_64, r-oldrel-macos-x86_64

Version: 0.6.1
Check: re-building of vignette outputs
Result: WARN
    Error(s) in re-building vignettes:
    --- re-building ‘fivethirtyeight.Rmd’ using rmarkdown
    Warning in engine$weave(file, quiet = quiet, encoding = enc) :
     Pandoc (>= 1.12.3) not available. Falling back to R Markdown v1.
    Some larger datasets need to be installed separately, like senators and
    house_district_forecast. To install these, we recommend you install the
    fivethirtyeightdata package by running:
    install.packages('fivethirtyeightdata', repos =
    'https://fivethirtyeightdata.github.io/drat/', type = 'source')
    
    Attaching package: 'dplyr'
    
    The following objects are masked from 'package:stats':
    
     filter, lag
    
    The following objects are masked from 'package:base':
    
     intersect, setdiff, setequal, union
    
    --- finished re-building ‘fivethirtyeight.Rmd’
    
    --- re-building ‘tame.Rmd’ using rmarkdown
    Warning in engine$weave(file, quiet = quiet, encoding = enc) :
     Pandoc (>= 1.12.3) not available. Falling back to R Markdown v1.
    Some larger datasets need to be installed separately, like senators and
    house_district_forecast. To install these, we recommend you install the
    fivethirtyeightdata package by running:
    install.packages('fivethirtyeightdata', repos =
    'https://fivethirtyeightdata.github.io/drat/', type = 'source')
    
    Attaching package: 'ggplot2'
    
    The following object is masked _by_ '.GlobalEnv':
    
     scale_fill_discrete
    
    
    Attaching package: 'dplyr'
    
    The following objects are masked from 'package:stats':
    
     filter, lag
    
    The following objects are masked from 'package:base':
    
     intersect, setdiff, setequal, union
    
    Warning in axis(side = side, at = at, labels = labels, ...) :
     no font could be found for family "Arial"
    Warning in axis(side = side, at = at, labels = labels, ...) :
     no font could be found for family "Arial"
    Warning in axis(side = side, at = at, labels = labels, ...) :
     no font could be found for family "Arial"
    Warning in axis(side = side, at = at, labels = labels, ...) :
     no font could be found for family "Arial"
    Warning in axis(side = side, at = at, labels = labels, ...) :
     no font could be found for family "Arial"
    Warning in axis(side = side, at = at, labels = labels, ...) :
     no font could be found for family "Arial"
    Warning in axis(side = side, at = at, labels = labels, ...) :
     no font could be found for family "Arial"
    Warning in axis(side = side, at = at, labels = labels, ...) :
     no font could be found for family "Arial"
    Warning in axis(side = side, at = at, labels = labels, ...) :
     no font could be found for family "Arial"
    Warning in axis(side = side, at = at, labels = labels, ...) :
     no font could be found for family "Arial"
    Warning in axis(side = side, at = at, labels = labels, ...) :
     no font could be found for family "Arial"
    Warning in axis(side = side, at = at, labels = labels, ...) :
     no font could be found for family "Arial"
    Warning in axis(side = side, at = at, labels = labels, ...) :
     no font could be found for family "Arial"
    Warning in axis(side = side, at = at, labels = labels, ...) :
     no font could be found for family "Arial"
    Warning in axis(side = side, at = at, labels = labels, ...) :
     no font could be found for family "Arial"
    Warning in axis(side = side, at = at, labels = labels, ...) :
     no font could be found for family "Arial"
    Warning in axis(side = side, at = at, labels = labels, ...) :
     no font could be found for family "Arial"
    Warning in axis(side = side, at = at, labels = labels, ...) :
     no font could be found for family "Arial"
    Warning in axis(side = side, at = at, labels = labels, ...) :
     no font could be found for family "Arial"
    Warning in axis(side = side, at = at, labels = labels, ...) :
     no font could be found for family "Arial"
    Warning in axis(side = side, at = at, labels = labels, ...) :
     no font could be found for family "Arial"
    Warning in axis(side = side, at = at, labels = labels, ...) :
     no font could be found for family "Arial"
    Warning in axis(side = side, at = at, labels = labels, ...) :
     no font could be found for family "Arial"
    Warning in axis(side = side, at = at, labels = labels, ...) :
     no font could be found for family "Arial"
    Warning in axis(side = side, at = at, labels = labels, ...) :
     no font could be found for family "Arial"
    Warning in axis(side = side, at = at, labels = labels, ...) :
     no font could be found for family "Arial"
    Warning in axis(side = side, at = at, labels = labels, ...) :
     no font could be found for family "Arial"
    Warning in axis(side = side, at = at, labels = labels, ...) :
     no font could be found for family "Arial"
    Warning in axis(side = side, at = at, labels = labels, ...) :
     no font could be found for family "Arial"
    Warning in axis(side = side, at = at, labels = labels, ...) :
     no font could be found for family "Arial"
    Warning in title(...) : no font could be found for family "Arial"
    Warning in title(...) : no font could be found for family "Arial"
    Warning in title(...) : no font could be found for family "Arial"
    Warning in title(...) : no font could be found for family "Arial"
    Warning in title("Hate Crimes per 100K Nov 9-18 2016 (SPLC)") :
     no font could be found for family "Arial"
    Warning in title("Hate Crimes per 100K Nov 9-18 2016 (SPLC)") :
     no font could be found for family "Arial"
    Warning in title("Hate Crimes per 100K Nov 9-18 2016 (SPLC)") :
     no font could be found for family "Arial"
    Warning in doTryCatch(return(expr), name, parentenv, handler) :
     no font could be found for family "Arial"
    Warning in doTryCatch(return(expr), name, parentenv, handler) :
     no font could be found for family "Arial"
    Warning in doTryCatch(return(expr), name, parentenv, handler) :
     no font could be found for family "Arial"
    Warning in doTryCatch(return(expr), name, parentenv, handler) :
     no font could be found for family "Arial"
    Warning in doTryCatch(return(expr), name, parentenv, handler) :
     no font could be found for family "Arial"
    Warning in doTryCatch(return(expr), name, parentenv, handler) :
     no font could be found for family "Arial"
    Warning in doTryCatch(return(expr), name, parentenv, handler) :
     no font could be found for family "Arial"
    Warning in doTryCatch(return(expr), name, parentenv, handler) :
     no font could be found for family "Arial"
    Warning in doTryCatch(return(expr), name, parentenv, handler) :
     no font could be found for family "Arial"
    Warning in doTryCatch(return(expr), name, parentenv, handler) :
     no font could be found for family "Arial"
    Warning in doTryCatch(return(expr), name, parentenv, handler) :
     no font could be found for family "Arial"
    Warning in doTryCatch(return(expr), name, parentenv, handler) :
     no font could be found for family "Arial"
    Warning in doTryCatch(return(expr), name, parentenv, handler) :
     no font could be found for family "Arial"
    Warning in doTryCatch(return(expr), name, parentenv, handler) :
     no font could be found for family "Arial"
    Warning in doTryCatch(return(expr), name, parentenv, handler) :
     no font could be found for family "Arial"
    Warning in doTryCatch(return(expr), name, parentenv, handler) :
     no font could be found for family "Arial"
    Warning in doTryCatch(return(expr), name, parentenv, handler) :
     no font could be found for family "Arial"
    Warning in doTryCatch(return(expr), name, parentenv, handler) :
     no font could be found for family "Arial"
    Warning in doTryCatch(return(expr), name, parentenv, handler) :
     no font could be found for family "Arial"
    Warning in doTryCatch(return(expr), name, parentenv, handler) :
     no font could be found for family "Arial"
    Warning in doTryCatch(return(expr), name, parentenv, handler) :
     no font could be found for family "Arial"
    Warning in doTryCatch(return(expr), name, parentenv, handler) :
     no font could be found for family "Arial"
    Warning in doTryCatch(return(expr), name, parentenv, handler) :
     no font could be found for family "Arial"
    Warning in doTryCatch(return(expr), name, parentenv, handler) :
     no font could be found for family "Arial"
    Warning in doTryCatch(return(expr), name, parentenv, handler) :
     no font could be found for family "Arial"
    Warning in doTryCatch(return(expr), name, parentenv, handler) :
     no font could be found for family "Arial"
    Warning in doTryCatch(return(expr), name, parentenv, handler) :
     no font could be found for family "Arial"
    Warning in doTryCatch(return(expr), name, parentenv, handler) :
     no font could be found for family "Arial"
    Warning in doTryCatch(return(expr), name, parentenv, handler) :
     no font could be found for family "Arial"
    Warning in doTryCatch(return(expr), name, parentenv, handler) :
     no font could be found for family "Arial"
    Warning in doTryCatch(return(expr), name, parentenv, handler) :
     no font could be found for family "Arial"
    Warning in doTryCatch(return(expr), name, parentenv, handler) :
     no font could be found for family "Arial"
    Warning in doTryCatch(return(expr), name, parentenv, handler) :
     no font could be found for family "Arial"
    Warning in doTryCatch(return(expr), name, parentenv, handler) :
     no font could be found for family "Arial"
    Warning in doTryCatch(return(expr), name, parentenv, handler) :
     no font could be found for family "Arial"
    Warning in doTryCatch(return(expr), name, parentenv, handler) :
     no font could be found for family "Arial"
    Warning in doTryCatch(return(expr), name, parentenv, handler) :
     no font could be found for family "Arial"
    Warning in grid.Call(C_stringMetric, as.graphicsAnnot(x$label)) :
     no font could be found for family "Arial"
    Warning in grid.Call(C_stringMetric, as.graphicsAnnot(x$label)) :
     no font could be found for family "Arial"
    Warning in grid.Call(C_stringMetric, as.graphicsAnnot(x$label)) :
     no font could be found for family "Arial"
    Warning in grid.Call(C_stringMetric, as.graphicsAnnot(x$label)) :
     no font could be found for family "Arial"
    Warning in grid.Call(C_stringMetric, as.graphicsAnnot(x$label)) :
     no font could be found for family "Arial"
    Warning in grid.Call(C_stringMetric, as.graphicsAnnot(x$label)) :
     no font could be found for family "Arial"
    Warning in grid.Call(C_stringMetric, as.graphicsAnnot(x$label)) :
     no font could be found for family "Arial"
    Warning in grid.Call(C_stringMetric, as.graphicsAnnot(x$label)) :
     no font could be found for family "Arial"
    Warning in grid.Call(C_stringMetric, as.graphicsAnnot(x$label)) :
     no font could be found for family "Arial"
    Warning in grid.Call(C_stringMetric, as.graphicsAnnot(x$label)) :
     no font could be found for family "Arial"
    Warning in grid.Call(C_stringMetric, as.graphicsAnnot(x$label)) :
     no font could be found for family "Arial"
    Warning in grid.Call(C_stringMetric, as.graphicsAnnot(x$label)) :
     no font could be found for family "Arial"
    Warning in grid.Call(C_stringMetric, as.graphicsAnnot(x$label)) :
     no font could be found for family "Arial"
    Warning in grid.Call(C_stringMetric, as.graphicsAnnot(x$label)) :
     no font could be found for family "Arial"
    Warning in grid.Call(C_stringMetric, as.graphicsAnnot(x$label)) :
     no font could be found for family "Arial"
    Warning in grid.Call(C_stringMetric, as.graphicsAnnot(x$label)) :
     no font could be found for family "Arial"
    Warning in grid.Call(C_stringMetric, as.graphicsAnnot(x$label)) :
     no font could be found for family "Arial"
    Warning in grid.Call(C_stringMetric, as.graphicsAnnot(x$label)) :
     no font could be found for family "Arial"
    Warning in grid.Call(C_stringMetric, as.graphicsAnnot(x$label)) :
     no font could be found for family "Arial"
    Warning in grid.Call(C_stringMetric, as.graphicsAnnot(x$label)) :
     no font could be found for family "Arial"
    Warning in grid.Call(C_stringMetric, as.graphicsAnnot(x$label)) :
     no font could be found for family "Arial"
    Warning in grid.Call(C_stringMetric, as.graphicsAnnot(x$label)) :
     no font could be found for family "Arial"
    Warning in grid.Call(C_stringMetric, as.graphicsAnnot(x$label)) :
     no font could be found for family "Arial"
    Warning in grid.Call(C_stringMetric, as.graphicsAnnot(x$label)) :
     no font could be found for family "Arial"
    Warning in grid.Call(C_stringMetric, as.graphicsAnnot(x$label)) :
     no font could be found for family "Arial"
    Warning in grid.Call(C_stringMetric, as.graphicsAnnot(x$label)) :
     no font could be found for family "Arial"
    Warning in grid.Call(C_stringMetric, as.graphicsAnnot(x$label)) :
     no font could be found for family "Arial"
    Warning in grid.Call(C_stringMetric, as.graphicsAnnot(x$label)) :
     no font could be found for family "Arial"
    Warning in grid.Call(C_textBounds, as.graphicsAnnot(x$label), x$x, x$y, :
     no font could be found for family "Arial"
    Quitting from lines 300-303 (tame.Rmd)
    Error: processing vignette 'tame.Rmd' failed with diagnostics:
    polygon edge not found
    --- failed re-building ‘tame.Rmd’
    
    --- re-building ‘user_contributed_vignettes.Rmd’ using rmarkdown
    Warning in engine$weave(file, quiet = quiet, encoding = enc) :
     Pandoc (>= 1.12.3) not available. Falling back to R Markdown v1.
    --- finished re-building ‘user_contributed_vignettes.Rmd’
    
    SUMMARY: processing the following file failed:
     ‘tame.Rmd’
    
    Error: Vignette re-building failed.
    Execution halted
Flavor: r-release-macos-arm64