CRAN Package Check Results for Package flora

Last updated on 2021-05-18 02:49:13 CEST.

Flavor Version Tinstall Tcheck Ttotal Status Flags
r-devel-linux-x86_64-debian-clang 0.3.4 38.83 67.04 105.87 OK
r-devel-linux-x86_64-debian-gcc 0.3.4 36.88 51.95 88.83 OK
r-devel-linux-x86_64-fedora-clang 0.3.4 145.92 NOTE
r-devel-linux-x86_64-fedora-gcc 0.3.4 139.67 OK
r-devel-windows-ix86+x86_64 0.3.4 71.00 79.00 150.00 NOTE
r-devel-windows-x86_64-gcc10-UCRT 0.3.4 OK
r-patched-linux-x86_64 0.3.4 40.41 63.21 103.62 OK
r-patched-solaris-x86 0.3.4 240.00 NOTE
r-release-linux-x86_64 0.3.4 40.19 59.71 99.90 OK
r-release-macos-x86_64 0.3.4 NOTE
r-release-windows-ix86+x86_64 0.3.4 50.00 68.00 118.00 NOTE
r-oldrel-macos-x86_64 0.3.4 NOTE
r-oldrel-windows-ix86+x86_64 0.3.4 57.00 83.00 140.00 NOTE

Check Details

Version: 0.3.4
Check: installed package size
Result: NOTE
     installed size is 7.2Mb
     sub-directories of 1Mb or more:
     R 7.0Mb
Flavors: r-devel-linux-x86_64-fedora-clang, r-devel-windows-ix86+x86_64, r-patched-solaris-x86, r-release-macos-x86_64, r-release-windows-ix86+x86_64, r-oldrel-macos-x86_64, r-oldrel-windows-ix86+x86_64