CRAN Package Check Results for Package fmf

Last updated on 2021-10-23 01:49:00 CEST.

Flavor Version Tinstall Tcheck Ttotal Status Flags
r-devel-linux-x86_64-debian-clang 1.1.1 47.90 146.08 193.98 OK
r-devel-linux-x86_64-debian-gcc 1.1.1 36.70 107.38 144.08 OK
r-devel-linux-x86_64-fedora-clang 1.1.1 255.01 OK
r-devel-linux-x86_64-fedora-gcc 1.1.1 234.96 OK
r-devel-windows-x86_64 1.1.1 64.00 183.00 247.00 OK
r-devel-windows-x86_64-gcc10-UCRT 1.1.1 ERROR
r-patched-linux-x86_64 1.1.1 45.00 135.83 180.83 OK
r-patched-solaris-x86 1.1.1 299.50 OK
r-release-linux-x86_64 1.1.1 46.00 134.00 180.00 OK
r-release-macos-arm64 1.1.1 OK
r-release-macos-x86_64 1.1.1 OK
r-release-windows-ix86+x86_64 1.1.1 92.00 248.00 340.00 OK
r-oldrel-macos-x86_64 1.1.1 OK
r-oldrel-windows-ix86+x86_64 1.1.1 128.00 246.00 374.00 OK

Check Details

Version: 1.1.1
Check: package dependencies
Result: ERROR
    Package required but not available: 'solitude'
    
    See section 'The DESCRIPTION file' in the 'Writing R Extensions'
    manual.
Flavor: r-devel-windows-x86_64-gcc10-UCRT