CRAN Package Check Results for Package fmsb

Last updated on 2021-06-23 02:50:51 CEST.

Flavor Version Tinstall Tcheck Ttotal Status Flags
r-devel-linux-x86_64-debian-clang 0.7.1 4.61 39.43 44.04 OK
r-devel-linux-x86_64-debian-gcc 0.7.1 4.02 30.42 34.44 OK
r-devel-linux-x86_64-fedora-clang 0.7.1 62.45 NOTE
r-devel-linux-x86_64-fedora-gcc 0.7.1 51.52 OK
r-devel-windows-x86_64 0.7.1 8.00 38.00 46.00 OK
r-devel-windows-x86_64-gcc10-UCRT 0.7.1 OK
r-patched-linux-x86_64 0.7.1 5.59 38.35 43.94 OK
r-patched-solaris-x86 0.7.1 67.40 OK
r-release-linux-x86_64 0.7.1 4.45 38.99 43.44 OK
r-release-macos-arm64 0.7.1 OK
r-release-macos-x86_64 0.7.1 OK
r-release-windows-ix86+x86_64 0.7.1 8.00 41.00 49.00 OK
r-oldrel-macos-x86_64 0.7.1 OK
r-oldrel-windows-ix86+x86_64 0.7.1 8.00 38.00 46.00 OK

Check Details

Version: 0.7.1
Check: Rd cross-references
Result: NOTE
    Undeclared packages ‘vcd’, ‘Epi’ in Rd xrefs
Flavor: r-devel-linux-x86_64-fedora-clang