CRAN Package Check Results for Package forestmangr

Last updated on 2021-08-01 02:52:52 CEST.

Flavor Version Tinstall Tcheck Ttotal Status Flags
r-devel-linux-x86_64-debian-clang 0.9.3 10.29 239.06 249.35 OK
r-devel-linux-x86_64-debian-gcc 0.9.3 8.93 177.20 186.13 OK
r-devel-linux-x86_64-fedora-clang 0.9.3 274.54 NOTE
r-devel-linux-x86_64-fedora-gcc 0.9.3 296.19 NOTE
r-devel-windows-x86_64 0.9.3 37.00 280.00 317.00 OK
r-devel-windows-x86_64-gcc10-UCRT 0.9.3 NOTE
r-patched-linux-x86_64 0.9.3 OK
r-patched-solaris-x86 0.9.3 306.50 NOTE
r-release-linux-x86_64 0.9.3 9.45 221.78 231.23 OK
r-release-macos-arm64 0.9.3 WARN
r-release-macos-x86_64 0.9.3 NOTE
r-release-windows-ix86+x86_64 0.9.3 20.00 277.00 297.00 OK
r-oldrel-macos-x86_64 0.9.3 NOTE
r-oldrel-windows-ix86+x86_64 0.9.3 21.00 281.00 302.00 OK

Check Details

Version: 0.9.3
Check: package dependencies
Result: NOTE
    Imports includes 23 non-default packages.
    Importing from so many packages makes the package vulnerable to any of
    them becoming unavailable. Move as many as possible to Suggests and
    use conditionally.
Flavor: r-devel-linux-x86_64-fedora-clang

Version: 0.9.3
Check: dependencies in R code
Result: NOTE
    Namespace in Imports field not imported from: ‘forcats’
     All declared Imports should be used.
Flavors: r-devel-linux-x86_64-fedora-clang, r-devel-linux-x86_64-fedora-gcc, r-devel-windows-x86_64-gcc10-UCRT, r-patched-solaris-x86, r-release-macos-arm64, r-release-macos-x86_64, r-oldrel-macos-x86_64

Version: 0.9.3
Check: re-building of vignette outputs
Result: WARN
    Error(s) in re-building vignettes:
    --- re-building ‘eq_group_fit_en.Rmd’ using rmarkdown
    Warning in engine$weave(file, quiet = quiet, encoding = enc) :
     Pandoc (>= 1.12.3) not available. Falling back to R Markdown v1.
    
    Attaching package: 'dplyr'
    
    The following objects are masked from 'package:stats':
    
     filter, lag
    
    The following objects are masked from 'package:base':
    
     intersect, setdiff, setequal, union
    
    Quitting from lines 122-123 (eq_group_fit_en.Rmd)
    Error: processing vignette 'eq_group_fit_en.Rmd' failed with diagnostics:
    polygon edge not found
    --- failed re-building ‘eq_group_fit_en.Rmd’
    
    There were 30 warnings (use warnings() to see them)
    --- re-building ‘eq_group_fit_ptbr.Rmd’ using rmarkdown
    Warning in engine$weave(file, quiet = quiet, encoding = enc) :
     Pandoc (>= 1.12.3) not available. Falling back to R Markdown v1.
    
    Attaching package: 'dplyr'
    
    The following objects are masked from 'package:stats':
    
     filter, lag
    
    The following objects are masked from 'package:base':
    
     intersect, setdiff, setequal, union
    
    Quitting from lines 125-126 (eq_group_fit_ptbr.Rmd)
    Error: processing vignette 'eq_group_fit_ptbr.Rmd' failed with diagnostics:
    polygon edge not found
    --- failed re-building ‘eq_group_fit_ptbr.Rmd’
    
    There were 30 warnings (use warnings() to see them)
    --- re-building ‘invent_vol_plot_en.Rmd’ using rmarkdown
    Warning in engine$weave(file, quiet = quiet, encoding = enc) :
     Pandoc (>= 1.12.3) not available. Falling back to R Markdown v1.
    
    Attaching package: 'dplyr'
    
    The following objects are masked from 'package:stats':
    
     filter, lag
    
    The following objects are masked from 'package:base':
    
     intersect, setdiff, setequal, union
    
    Warning: Removed 1402 rows containing missing values (geom_point).
    Warning in grid.Call(C_stringMetric, as.graphicsAnnot(x$label)) :
     font "Times-Roman" could not be found for family "serif"
    Warning in grid.Call(C_stringMetric, as.graphicsAnnot(x$label)) :
     font "Times-Roman" could not be found for family "serif"
    Warning in grid.Call(C_stringMetric, as.graphicsAnnot(x$label)) :
     font "Times-Roman" could not be found for family "serif"
    Warning in grid.Call(C_stringMetric, as.graphicsAnnot(x$label)) :
     font "Times-Roman" could not be found for family "serif"
    Warning in grid.Call(C_stringMetric, as.graphicsAnnot(x$label)) :
     font "Times-Roman" could not be found for family "serif"
    Warning in grid.Call(C_stringMetric, as.graphicsAnnot(x$label)) :
     font "Times-Roman" could not be found for family "serif"
    Warning in grid.Call(C_stringMetric, as.graphicsAnnot(x$label)) :
     font "Times-Roman" could not be found for family "serif"
    Warning in grid.Call(C_stringMetric, as.graphicsAnnot(x$label)) :
     font "Times-Roman" could not be found for family "serif"
    Warning in grid.Call(C_stringMetric, as.graphicsAnnot(x$label)) :
     font "Times-Roman" could not be found for family "serif"
    Warning in grid.Call(C_stringMetric, as.graphicsAnnot(x$label)) :
     font "Times-Roman" could not be found for family "serif"
    Warning in grid.Call(C_stringMetric, as.graphicsAnnot(x$label)) :
     font "Times-Roman" could not be found for family "serif"
    Warning in grid.Call(C_stringMetric, as.graphicsAnnot(x$label)) :
     font "Times-Roman" could not be found for family "serif"
    Warning in grid.Call(C_stringMetric, as.graphicsAnnot(x$label)) :
     font "Times-Roman" could not be found for family "serif"
    Warning in grid.Call(C_stringMetric, as.graphicsAnnot(x$label)) :
     font "Times-Roman" could not be found for family "serif"
    Warning in grid.Call(C_stringMetric, as.graphicsAnnot(x$label)) :
     font "Times-Roman" could not be found for family "serif"
    Warning in grid.Call(C_stringMetric, as.graphicsAnnot(x$label)) :
     font "Times-Roman" could not be found for family "serif"
    Warning in grid.Call(C_stringMetric, as.graphicsAnnot(x$label)) :
     font "Times-Roman" could not be found for family "serif"
    Warning in grid.Call(C_stringMetric, as.graphicsAnnot(x$label)) :
     font "Times-Roman" could not be found for family "serif"
    Warning in grid.Call(C_stringMetric, as.graphicsAnnot(x$label)) :
     font "Times-Roman" could not be found for family "serif"
    Warning in grid.Call(C_stringMetric, as.graphicsAnnot(x$label)) :
     font "Times-Roman" could not be found for family "serif"
    Warning in grid.Call(C_stringMetric, as.graphicsAnnot(x$label)) :
     font "Times-Roman" could not be found for family "serif"
    Warning in grid.Call(C_stringMetric, as.graphicsAnnot(x$label)) :
     font "Times-Roman" could not be found for family "serif"
    Warning in grid.Call(C_stringMetric, as.graphicsAnnot(x$label)) :
     font "Times-Roman" could not be found for family "serif"
    Warning in grid.Call(C_stringMetric, as.graphicsAnnot(x$label)) :
     font "Times-Roman" could not be found for family "serif"
    Warning in grid.Call(C_stringMetric, as.graphicsAnnot(x$label)) :
     font "Times-Roman" could not be found for family "serif"
    Warning in grid.Call(C_stringMetric, as.graphicsAnnot(x$label)) :
     font "Times-Roman" could not be found for family "serif"
    Warning in grid.Call(C_stringMetric, as.graphicsAnnot(x$label)) :
     font "Times-Roman" could not be found for family "serif"
    Warning in grid.Call(C_stringMetric, as.graphicsAnnot(x$label)) :
     font "Times-Roman" could not be found for family "serif"
    Warning in grid.Call(C_textBounds, as.graphicsAnnot(x$label), x$x, x$y, :
     font "Times-Bold" could not be found for family "serif"
    Warning in grid.Call(C_textBounds, as.graphicsAnnot(x$label), x$x, x$y, :
     font "Times-Bold" could not be found for family "serif"
    Quitting from lines 54-55 (invent_vol_plot_en.Rmd)
    Error: processing vignette 'invent_vol_plot_en.Rmd' failed with diagnostics:
    polygon edge not found
    --- failed re-building ‘invent_vol_plot_en.Rmd’
    
    --- re-building ‘invent_vol_plot_ptbr.Rmd’ using rmarkdown
    Warning in engine$weave(file, quiet = quiet, encoding = enc) :
     Pandoc (>= 1.12.3) not available. Falling back to R Markdown v1.
    
    Attaching package: 'dplyr'
    
    The following objects are masked from 'package:stats':
    
     filter, lag
    
    The following objects are masked from 'package:base':
    
     intersect, setdiff, setequal, union
    
    Warning: Removed 1402 rows containing missing values (geom_point).
    Warning in grid.Call(C_stringMetric, as.graphicsAnnot(x$label)) :
     font "Times-Roman" could not be found for family "serif"
    Warning in grid.Call(C_stringMetric, as.graphicsAnnot(x$label)) :
     font "Times-Roman" could not be found for family "serif"
    Warning in grid.Call(C_stringMetric, as.graphicsAnnot(x$label)) :
     font "Times-Roman" could not be found for family "serif"
    Warning in grid.Call(C_stringMetric, as.graphicsAnnot(x$label)) :
     font "Times-Roman" could not be found for family "serif"
    Warning in grid.Call(C_stringMetric, as.graphicsAnnot(x$label)) :
     font "Times-Roman" could not be found for family "serif"
    Warning in grid.Call(C_stringMetric, as.graphicsAnnot(x$label)) :
     font "Times-Roman" could not be found for family "serif"
    Warning in grid.Call(C_stringMetric, as.graphicsAnnot(x$label)) :
     font "Times-Roman" could not be found for family "serif"
    Warning in grid.Call(C_stringMetric, as.graphicsAnnot(x$label)) :
     font "Times-Roman" could not be found for family "serif"
    Warning in grid.Call(C_stringMetric, as.graphicsAnnot(x$label)) :
     font "Times-Roman" could not be found for family "serif"
    Warning in grid.Call(C_stringMetric, as.graphicsAnnot(x$label)) :
     font "Times-Roman" could not be found for family "serif"
    Warning in grid.Call(C_stringMetric, as.graphicsAnnot(x$label)) :
     font "Times-Roman" could not be found for family "serif"
    Warning in grid.Call(C_stringMetric, as.graphicsAnnot(x$label)) :
     font "Times-Roman" could not be found for family "serif"
    Warning in grid.Call(C_stringMetric, as.graphicsAnnot(x$label)) :
     font "Times-Roman" could not be found for family "serif"
    Warning in grid.Call(C_stringMetric, as.graphicsAnnot(x$label)) :
     font "Times-Roman" could not be found for family "serif"
    Warning in grid.Call(C_stringMetric, as.graphicsAnnot(x$label)) :
     font "Times-Roman" could not be found for family "serif"
    Warning in grid.Call(C_stringMetric, as.graphicsAnnot(x$label)) :
     font "Times-Roman" could not be found for family "serif"
    Warning in grid.Call(C_stringMetric, as.graphicsAnnot(x$label)) :
     font "Times-Roman" could not be found for family "serif"
    Warning in grid.Call(C_stringMetric, as.graphicsAnnot(x$label)) :
     font "Times-Roman" could not be found for family "serif"
    Warning in grid.Call(C_stringMetric, as.graphicsAnnot(x$label)) :
     font "Times-Roman" could not be found for family "serif"
    Warning in grid.Call(C_stringMetric, as.graphicsAnnot(x$label)) :
     font "Times-Roman" could not be found for family "serif"
    Warning in grid.Call(C_stringMetric, as.graphicsAnnot(x$label)) :
     font "Times-Roman" could not be found for family "serif"
    Warning in grid.Call(C_stringMetric, as.graphicsAnnot(x$label)) :
     font "Times-Roman" could not be found for family "serif"
    Warning in grid.Call(C_stringMetric, as.graphicsAnnot(x$label)) :
     font "Times-Roman" could not be found for family "serif"
    Warning in grid.Call(C_stringMetric, as.graphicsAnnot(x$label)) :
     font "Times-Roman" could not be found for family "serif"
    Warning in grid.Call(C_stringMetric, as.graphicsAnnot(x$label)) :
     font "Times-Roman" could not be found for family "serif"
    Warning in grid.Call(C_stringMetric, as.graphicsAnnot(x$label)) :
     font "Times-Roman" could not be found for family "serif"
    Warning in grid.Call(C_stringMetric, as.graphicsAnnot(x$label)) :
     font "Times-Roman" could not be found for family "serif"
    Warning in grid.Call(C_stringMetric, as.graphicsAnnot(x$label)) :
     font "Times-Roman" could not be found for family "serif"
    Warning in grid.Call(C_textBounds, as.graphicsAnnot(x$label), x$x, x$y, :
     font "Times-Bold" could not be found for family "serif"
    Warning in grid.Call(C_textBounds, as.graphicsAnnot(x$label), x$x, x$y, :
     font "Times-Bold" could not be found for family "serif"
    Quitting from lines 55-56 (invent_vol_plot_ptbr.Rmd)
    Error: processing vignette 'invent_vol_plot_ptbr.Rmd' failed with diagnostics:
    polygon edge not found
    --- failed re-building ‘invent_vol_plot_ptbr.Rmd’
    
    --- re-building ‘phyto_ana_en.Rmd’ using rmarkdown
    Warning in engine$weave(file, quiet = quiet, encoding = enc) :
     Pandoc (>= 1.12.3) not available. Falling back to R Markdown v1.
    Quitting from lines 38-39 (phyto_ana_en.Rmd)
    Error: processing vignette 'phyto_ana_en.Rmd' failed with diagnostics:
    polygon edge not found
    --- failed re-building ‘phyto_ana_en.Rmd’
    
    --- re-building ‘phyto_ana_ptbr.Rmd’ using rmarkdown
    Warning in engine$weave(file, quiet = quiet, encoding = enc) :
     Pandoc (>= 1.12.3) not available. Falling back to R Markdown v1.
    Quitting from lines 38-39 (phyto_ana_ptbr.Rmd)
    Error: processing vignette 'phyto_ana_ptbr.Rmd' failed with diagnostics:
    polygon edge not found
    --- failed re-building ‘phyto_ana_ptbr.Rmd’
    
    --- re-building ‘sampling_en.Rmd’ using rmarkdown
    Warning in engine$weave(file, quiet = quiet, encoding = enc) :
     Pandoc (>= 1.12.3) not available. Falling back to R Markdown v1.
    --- finished re-building ‘sampling_en.Rmd’
    
    --- re-building ‘sampling_ptbr.Rmd’ using rmarkdown
    Warning in engine$weave(file, quiet = quiet, encoding = enc) :
     Pandoc (>= 1.12.3) not available. Falling back to R Markdown v1.
    --- finished re-building ‘sampling_ptbr.Rmd’
    
    --- re-building ‘volume_est_en.Rmd’ using rmarkdown
    Warning in engine$weave(file, quiet = quiet, encoding = enc) :
     Pandoc (>= 1.12.3) not available. Falling back to R Markdown v1.
    Warning in grid.Call(C_stringMetric, as.graphicsAnnot(x$label)) :
     font "Times-Roman" could not be found for family "serif"
    Warning in grid.Call(C_stringMetric, as.graphicsAnnot(x$label)) :
     font "Times-Roman" could not be found for family "serif"
    Warning in grid.Call(C_stringMetric, as.graphicsAnnot(x$label)) :
     font "Times-Roman" could not be found for family "serif"
    Warning in grid.Call(C_stringMetric, as.graphicsAnnot(x$label)) :
     font "Times-Roman" could not be found for family "serif"
    Warning in grid.Call(C_stringMetric, as.graphicsAnnot(x$label)) :
     font "Times-Roman" could not be found for family "serif"
    Warning in grid.Call(C_stringMetric, as.graphicsAnnot(x$label)) :
     font "Times-Roman" could not be found for family "serif"
    Warning in grid.Call(C_stringMetric, as.graphicsAnnot(x$label)) :
     font "Times-Roman" could not be found for family "serif"
    Warning in grid.Call(C_stringMetric, as.graphicsAnnot(x$label)) :
     font "Times-Roman" could not be found for family "serif"
    Warning in grid.Call(C_stringMetric, as.graphicsAnnot(x$label)) :
     font "Times-Roman" could not be found for family "serif"
    Warning in grid.Call(C_stringMetric, as.graphicsAnnot(x$label)) :
     font "Times-Roman" could not be found for family "serif"
    Warning in grid.Call(C_stringMetric, as.graphicsAnnot(x$label)) :
     font "Times-Roman" could not be found for family "serif"
    Warning in grid.Call(C_stringMetric, as.graphicsAnnot(x$label)) :
     font "Times-Roman" could not be found for family "serif"
    Warning in grid.Call(C_stringMetric, as.graphicsAnnot(x$label)) :
     font "Times-Roman" could not be found for family "serif"
    Warning in grid.Call(C_stringMetric, as.graphicsAnnot(x$label)) :
     font "Times-Roman" could not be found for family "serif"
    Warning in grid.Call(C_textBounds, as.graphicsAnnot(x$label), x$x, x$y, :
     font "Times-Italic" could not be found for family "serif"
    Warning in grid.Call(C_textBounds, as.graphicsAnnot(x$label), x$x, x$y, :
     font "Times-Italic" could not be found for family "serif"
    Warning in grid.Call(C_textBounds, as.graphicsAnnot(x$label), x$x, x$y, :
     font "Times-Italic" could not be found for family "serif"
    Warning in grid.Call(C_textBounds, as.graphicsAnnot(x$label), x$x, x$y, :
     font "Times-Italic" could not be found for family "serif"
    Warning in grid.Call(C_textBounds, as.graphicsAnnot(x$label), x$x, x$y, :
     font "Times-Italic" could not be found for family "serif"
    Warning in grid.Call(C_textBounds, as.graphicsAnnot(x$label), x$x, x$y, :
     font "Times-Italic" could not be found for family "serif"
    Warning in grid.Call(C_textBounds, as.graphicsAnnot(x$label), x$x, x$y, :
     font "Times-Italic" could not be found for family "serif"
    Warning in grid.Call(C_textBounds, as.graphicsAnnot(x$label), x$x, x$y, :
     font "Times-Italic" could not be found for family "serif"
    Warning in grid.Call(C_textBounds, as.graphicsAnnot(x$label), x$x, x$y, :
     font "Times-Italic" could not be found for family "serif"
    Warning in grid.Call(C_textBounds, as.graphicsAnnot(x$label), x$x, x$y, :
     font "Times-Italic" could not be found for family "serif"
    Warning in grid.Call(C_textBounds, as.graphicsAnnot(x$label), x$x, x$y, :
     font "Times-Italic" could not be found for family "serif"
    Warning in grid.Call(C_textBounds, as.graphicsAnnot(x$label), x$x, x$y, :
     font "Times-Italic" could not be found for family "serif"
    Warning in grid.Call(C_textBounds, as.graphicsAnnot(x$label), x$x, x$y, :
     font "Times-Italic" could not be found for family "serif"
    Warning in grid.Call(C_textBounds, as.graphicsAnnot(x$label), x$x, x$y, :
     font "Times-Italic" could not be found for family "serif"
    Warning in grid.Call(C_textBounds, as.graphicsAnnot(x$label), x$x, x$y, :
     font "Times-Italic" could not be found for family "serif"
    Warning in grid.Call(C_textBounds, as.graphicsAnnot(x$label), x$x, x$y, :
     font "Times-Italic" could not be found for family "serif"
    Warning in grid.Call(C_textBounds, as.graphicsAnnot(x$label), x$x, x$y, :
     font "Times-Italic" could not be found for family "serif"
    Warning in grid.Call(C_textBounds, as.graphicsAnnot(x$label), x$x, x$y, :
     font "Times-Italic" could not be found for family "serif"
    Warning in grid.Call(C_textBounds, as.graphicsAnnot(x$label), x$x, x$y, :
     font "Times-Italic" could not be found for family "serif"
    Warning in grid.Call(C_textBounds, as.graphicsAnnot(x$label), x$x, x$y, :
     font "Times-Italic" could not be found for family "serif"
    Warning in grid.Call(C_textBounds, as.graphicsAnnot(x$label), x$x, x$y, :
     font "Times-Italic" could not be found for family "serif"
    Warning in grid.Call(C_textBounds, as.graphicsAnnot(x$label), x$x, x$y, :
     font "Times-Italic" could not be found for family "serif"
    Warning in grid.Call(C_textBounds, as.graphicsAnnot(x$label), x$x, x$y, :
     font "Times-Italic" could not be found for family "serif"
    Warning in grid.Call(C_textBounds, as.graphicsAnnot(x$label), x$x, x$y, :
     font "Times-Italic" could not be found for family "serif"
    Warning in grid.Call(C_textBounds, as.graphicsAnnot(x$label), x$x, x$y, :
     font "Times-Italic" could not be found for family "serif"
    Warning in grid.Call(C_textBounds, as.graphicsAnnot(x$label), x$x, x$y, :
     font "Times-Italic" could not be found for family "serif"
    Quitting from lines 50-51 (volume_est_en.Rmd)
    Error: processing vignette 'volume_est_en.Rmd' failed with diagnostics:
    polygon edge not found
    --- failed re-building ‘volume_est_en.Rmd’
    
    --- re-building ‘volume_est_ptbr.Rmd’ using rmarkdown
    Warning in engine$weave(file, quiet = quiet, encoding = enc) :
     Pandoc (>= 1.12.3) not available. Falling back to R Markdown v1.
    Warning in grid.Call(C_stringMetric, as.graphicsAnnot(x$label)) :
     font "Times-Roman" could not be found for family "serif"
    Warning in grid.Call(C_stringMetric, as.graphicsAnnot(x$label)) :
     font "Times-Roman" could not be found for family "serif"
    Warning in grid.Call(C_stringMetric, as.graphicsAnnot(x$label)) :
     font "Times-Roman" could not be found for family "serif"
    Warning in grid.Call(C_stringMetric, as.graphicsAnnot(x$label)) :
     font "Times-Roman" could not be found for family "serif"
    Warning in grid.Call(C_stringMetric, as.graphicsAnnot(x$label)) :
     font "Times-Roman" could not be found for family "serif"
    Warning in grid.Call(C_stringMetric, as.graphicsAnnot(x$label)) :
     font "Times-Roman" could not be found for family "serif"
    Warning in grid.Call(C_stringMetric, as.graphicsAnnot(x$label)) :
     font "Times-Roman" could not be found for family "serif"
    Warning in grid.Call(C_stringMetric, as.graphicsAnnot(x$label)) :
     font "Times-Roman" could not be found for family "serif"
    Warning in grid.Call(C_stringMetric, as.graphicsAnnot(x$label)) :
     font "Times-Roman" could not be found for family "serif"
    Warning in grid.Call(C_stringMetric, as.graphicsAnnot(x$label)) :
     font "Times-Roman" could not be found for family "serif"
    Warning in grid.Call(C_stringMetric, as.graphicsAnnot(x$label)) :
     font "Times-Roman" could not be found for family "serif"
    Warning in grid.Call(C_stringMetric, as.graphicsAnnot(x$label)) :
     font "Times-Roman" could not be found for family "serif"
    Warning in grid.Call(C_stringMetric, as.graphicsAnnot(x$label)) :
     font "Times-Roman" could not be found for family "serif"
    Warning in grid.Call(C_stringMetric, as.graphicsAnnot(x$label)) :
     font "Times-Roman" could not be found for family "serif"
    Warning in grid.Call(C_textBounds, as.graphicsAnnot(x$label), x$x, x$y, :
     font "Times-Italic" could not be found for family "serif"
    Warning in grid.Call(C_textBounds, as.graphicsAnnot(x$label), x$x, x$y, :
     font "Times-Italic" could not be found for family "serif"
    Warning in grid.Call(C_textBounds, as.graphicsAnnot(x$label), x$x, x$y, :
     font "Times-Italic" could not be found for family "serif"
    Warning in grid.Call(C_textBounds, as.graphicsAnnot(x$label), x$x, x$y, :
     font "Times-Italic" could not be found for family "serif"
    Warning in grid.Call(C_textBounds, as.graphicsAnnot(x$label), x$x, x$y, :
     font "Times-Italic" could not be found for family "serif"
    Warning in grid.Call(C_textBounds, as.graphicsAnnot(x$label), x$x, x$y, :
     font "Times-Italic" could not be found for family "serif"
    Warning in grid.Call(C_textBounds, as.graphicsAnnot(x$label), x$x, x$y, :
     font "Times-Italic" could not be found for family "serif"
    Warning in grid.Call(C_textBounds, as.graphicsAnnot(x$label), x$x, x$y, :
     font "Times-Italic" could not be found for family "serif"
    Warning in grid.Call(C_textBounds, as.graphicsAnnot(x$label), x$x, x$y, :
     font "Times-Italic" could not be found for family "serif"
    Warning in grid.Call(C_textBounds, as.graphicsAnnot(x$label), x$x, x$y, :
     font "Times-Italic" could not be found for family "serif"
    Warning in grid.Call(C_textBounds, as.graphicsAnnot(x$label), x$x, x$y, :
     font "Times-Italic" could not be found for family "serif"
    Warning in grid.Call(C_textBounds, as.graphicsAnnot(x$label), x$x, x$y, :
     font "Times-Italic" could not be found for family "serif"
    Warning in grid.Call(C_textBounds, as.graphicsAnnot(x$label), x$x, x$y, :
     font "Times-Italic" could not be found for family "serif"
    Warning in grid.Call(C_textBounds, as.graphicsAnnot(x$label), x$x, x$y, :
     font "Times-Italic" could not be found for family "serif"
    Warning in grid.Call(C_textBounds, as.graphicsAnnot(x$label), x$x, x$y, :
     font "Times-Italic" could not be found for family "serif"
    Warning in grid.Call(C_textBounds, as.graphicsAnnot(x$label), x$x, x$y, :
     font "Times-Italic" could not be found for family "serif"
    Warning in grid.Call(C_textBounds, as.graphicsAnnot(x$label), x$x, x$y, :
     font "Times-Italic" could not be found for family "serif"
    Warning in grid.Call(C_textBounds, as.graphicsAnnot(x$label), x$x, x$y, :
     font "Times-Italic" could not be found for family "serif"
    Warning in grid.Call(C_textBounds, as.graphicsAnnot(x$label), x$x, x$y, :
     font "Times-Italic" could not be found for family "serif"
    Warning in grid.Call(C_textBounds, as.graphicsAnnot(x$label), x$x, x$y, :
     font "Times-Italic" could not be found for family "serif"
    Warning in grid.Call(C_textBounds, as.graphicsAnnot(x$label), x$x, x$y, :
     font "Times-Italic" could not be found for family "serif"
    Warning in grid.Call(C_textBounds, as.graphicsAnnot(x$label), x$x, x$y, :
     font "Times-Italic" could not be found for family "serif"
    Warning in grid.Call(C_textBounds, as.graphicsAnnot(x$label), x$x, x$y, :
     font "Times-Italic" could not be found for family "serif"
    Warning in grid.Call(C_textBounds, as.graphicsAnnot(x$label), x$x, x$y, :
     font "Times-Italic" could not be found for family "serif"
    Warning in grid.Call(C_textBounds, as.graphicsAnnot(x$label), x$x, x$y, :
     font "Times-Italic" could not be found for family "serif"
    Warning in grid.Call(C_textBounds, as.graphicsAnnot(x$label), x$x, x$y, :
     font "Times-Italic" could not be found for family "serif"
    Quitting from lines 53-54 (volume_est_ptbr.Rmd)
    Error: processing vignette 'volume_est_ptbr.Rmd' failed with diagnostics:
    polygon edge not found
    --- failed re-building ‘volume_est_ptbr.Rmd’
    
    --- re-building ‘yield_growth_en.Rmd’ using rmarkdown
    Warning in engine$weave(file, quiet = quiet, encoding = enc) :
     Pandoc (>= 1.12.3) not available. Falling back to R Markdown v1.
    
    Attaching package: 'dplyr'
    
    The following objects are masked from 'package:stats':
    
     filter, lag
    
    The following objects are masked from 'package:base':
    
     intersect, setdiff, setequal, union
    
    Quitting from lines 89-90 (yield_growth_en.Rmd)
    Error: processing vignette 'yield_growth_en.Rmd' failed with diagnostics:
    polygon edge not found
    --- failed re-building ‘yield_growth_en.Rmd’
    
    --- re-building ‘yield_growth_ptbr.Rmd’ using rmarkdown
    Warning in engine$weave(file, quiet = quiet, encoding = enc) :
     Pandoc (>= 1.12.3) not available. Falling back to R Markdown v1.
    
    Attaching package: 'dplyr'
    
    The following objects are masked from 'package:stats':
    
     filter, lag
    
    The following objects are masked from 'package:base':
    
     intersect, setdiff, setequal, union
    
    Quitting from lines 87-88 (yield_growth_ptbr.Rmd)
    Error: processing vignette 'yield_growth_ptbr.Rmd' failed with diagnostics:
    polygon edge not found
    --- failed re-building ‘yield_growth_ptbr.Rmd’
    
    SUMMARY: processing the following files failed:
     ‘eq_group_fit_en.Rmd’ ‘eq_group_fit_ptbr.Rmd’
     ‘invent_vol_plot_en.Rmd’ ‘invent_vol_plot_ptbr.Rmd’
     ‘phyto_ana_en.Rmd’ ‘phyto_ana_ptbr.Rmd’ ‘volume_est_en.Rmd’
     ‘volume_est_ptbr.Rmd’ ‘yield_growth_en.Rmd’ ‘yield_growth_ptbr.Rmd’
    
    Error: Vignette re-building failed.
    Execution halted
Flavor: r-release-macos-arm64