CRAN Package Check Results for Package forestmodel

Last updated on 2021-07-28 02:49:03 CEST.

Flavor Version Tinstall Tcheck Ttotal Status Flags
r-devel-linux-x86_64-debian-clang 0.6.2 5.55 57.67 63.22 NOTE
r-devel-linux-x86_64-debian-gcc 0.6.2 5.28 42.25 47.53 NOTE
r-devel-linux-x86_64-fedora-clang 0.6.2 83.31 NOTE
r-devel-linux-x86_64-fedora-gcc 0.6.2 73.56 NOTE
r-devel-windows-x86_64 0.6.2 10.00 74.00 84.00 NOTE
r-devel-windows-x86_64-gcc10-UCRT 0.6.2 NOTE
r-patched-linux-x86_64 0.6.2 5.60 52.91 58.51 NOTE
r-patched-solaris-x86 0.6.2 103.60 NOTE
r-release-linux-x86_64 0.6.2 6.17 53.51 59.68 NOTE
r-release-macos-arm64 0.6.2 NOTE
r-release-macos-x86_64 0.6.2 NOTE
r-release-windows-ix86+x86_64 0.6.2 14.00 53.00 67.00 NOTE
r-oldrel-macos-x86_64 0.6.2 OK
r-oldrel-windows-ix86+x86_64 0.6.2 16.00 76.00 92.00 OK

Check Details

Version: 0.6.2
Check: LazyData
Result: NOTE
     'LazyData' is specified without a 'data' directory
Flavors: r-devel-linux-x86_64-debian-clang, r-devel-linux-x86_64-debian-gcc, r-devel-linux-x86_64-fedora-clang, r-devel-linux-x86_64-fedora-gcc, r-devel-windows-x86_64, r-devel-windows-x86_64-gcc10-UCRT, r-patched-linux-x86_64, r-patched-solaris-x86, r-release-linux-x86_64, r-release-macos-arm64, r-release-macos-x86_64, r-release-windows-ix86+x86_64