CRAN Package Check Results for Package forestplot

Last updated on 2021-09-23 02:49:03 CEST.

Flavor Version Tinstall Tcheck Ttotal Status Flags
r-devel-linux-x86_64-debian-clang 2.0.1 6.42 59.91 66.33 OK
r-devel-linux-x86_64-debian-gcc 2.0.1 4.36 44.45 48.81 OK
r-devel-linux-x86_64-fedora-clang 2.0.1 83.45 OK
r-devel-linux-x86_64-fedora-gcc 2.0.1 73.58 OK
r-devel-windows-x86_64 2.0.1 6.00 56.00 62.00 OK
r-devel-windows-x86_64-gcc10-UCRT 2.0.1 ERROR
r-patched-linux-x86_64 2.0.1 6.50 55.25 61.75 OK
r-patched-solaris-x86 2.0.1 99.40 OK
r-release-linux-x86_64 2.0.1 4.56 55.35 59.91 OK
r-release-macos-arm64 2.0.1 OK
r-release-macos-x86_64 2.0.1 OK
r-release-windows-ix86+x86_64 2.0.1 12.00 57.00 69.00 OK
r-oldrel-macos-x86_64 2.0.1 OK
r-oldrel-windows-ix86+x86_64 2.0.1 21.00 57.00 78.00 OK

Check Details

Version: 2.0.1
Check: PDF version of manual
Result: WARN
    LaTeX errors when creating PDF version.
    This typically indicates Rd problems.
Flavor: r-devel-windows-x86_64-gcc10-UCRT

Version: 2.0.1
Check: PDF version of manual without hyperrefs or index
Result: ERROR
    Re-running with no redirection of stdout/stderr.
Flavor: r-devel-windows-x86_64-gcc10-UCRT