CRAN Package Check Results for Package forestr

Last updated on 2022-01-28 02:50:58 CET.

Flavor Version Tinstall Tcheck Ttotal Status Flags
r-devel-linux-x86_64-debian-clang 2.0.2 4.12 46.22 50.34 OK
r-devel-linux-x86_64-debian-gcc 2.0.2 3.61 35.77 39.38 OK
r-devel-linux-x86_64-fedora-clang 2.0.2 60.71 NOTE
r-devel-linux-x86_64-fedora-gcc 2.0.2 49.60 NOTE
r-devel-windows-x86_64-new-UL 2.0.2 45.00 77.00 122.00 OK
r-devel-windows-x86_64-new-TK 2.0.2 NOTE
r-patched-linux-x86_64 2.0.2 4.47 43.61 48.08 OK
r-release-linux-x86_64 2.0.2 3.73 43.99 47.72 OK
r-release-macos-arm64 2.0.2 NOTE
r-release-macos-x86_64 2.0.2 NOTE
r-release-windows-ix86+x86_64 2.0.2 9.00 57.00 66.00 OK
r-oldrel-macos-x86_64 2.0.2 NOTE
r-oldrel-windows-ix86+x86_64 2.0.2 9.00 56.00 65.00 OK

Check Details

Version: 2.0.2
Check: dependencies in R code
Result: NOTE
    Namespaces in Imports field not imported from:
     ‘tibble’ ‘viridis’
     All declared Imports should be used.
Flavors: r-devel-linux-x86_64-fedora-clang, r-devel-linux-x86_64-fedora-gcc, r-devel-windows-x86_64-new-TK, r-release-macos-arm64, r-release-macos-x86_64, r-oldrel-macos-x86_64