Last updated on 2023-03-21 02:56:24 CET.
Flavor | Version | Tinstall | Tcheck | Ttotal | Status | Flags |
---|---|---|---|---|---|---|
r-devel-linux-x86_64-debian-clang | 1.0.1 | NOTE | ||||
r-devel-linux-x86_64-debian-gcc | 1.0.1 | 29.56 | 111.97 | 141.53 | NOTE | |
r-devel-linux-x86_64-fedora-clang | 1.0.1 | 245.32 | NOTE | |||
r-devel-linux-x86_64-fedora-gcc | 1.0.1 | 234.67 | NOTE | |||
r-devel-windows-x86_64 | 1.0.1 | 48.00 | 217.00 | 265.00 | NOTE | |
r-patched-linux-x86_64 | 1.0.1 | 33.83 | 140.91 | 174.74 | NOTE | |
r-release-linux-x86_64 | 1.0.1 | 30.93 | 139.65 | 170.58 | NOTE | |
r-release-macos-arm64 | 1.0.1 | 65.00 | NOTE | |||
r-release-macos-x86_64 | 1.0.1 | 124.00 | NOTE | |||
r-release-windows-x86_64 | 1.0.1 | 53.00 | 210.00 | 263.00 | NOTE | |
r-oldrel-macos-arm64 | 1.0.1 | 79.00 | NOTE | |||
r-oldrel-macos-x86_64 | 1.0.1 | 137.00 | NOTE | |||
r-oldrel-windows-ix86+x86_64 | 1.0.1 | 86.00 | 234.00 | 320.00 | NOTE |
Version: 1.0.1
Check: LazyData
Result: NOTE
'LazyData' is specified without a 'data' directory
Flavors: r-devel-linux-x86_64-debian-clang, r-devel-linux-x86_64-debian-gcc, r-devel-linux-x86_64-fedora-clang, r-devel-linux-x86_64-fedora-gcc, r-devel-windows-x86_64, r-patched-linux-x86_64, r-release-linux-x86_64, r-release-macos-arm64, r-release-macos-x86_64, r-release-windows-x86_64, r-oldrel-macos-arm64, r-oldrel-macos-x86_64, r-oldrel-windows-ix86+x86_64