CRAN Package Check Results for Package fsn

Last updated on 2021-05-18 02:49:13 CEST.

Flavor Version Tinstall Tcheck Ttotal Status Flags
r-devel-linux-x86_64-debian-clang 0.1 2.91 29.70 32.61 OK
r-devel-linux-x86_64-debian-gcc 0.1 2.55 23.62 26.17 OK
r-devel-linux-x86_64-fedora-clang 0.1 49.33 OK
r-devel-linux-x86_64-fedora-gcc 0.1 38.17 OK
r-devel-windows-ix86+x86_64 0.1 7.00 37.00 44.00 OK
r-devel-windows-x86_64-gcc10-UCRT 0.1 OK
r-patched-linux-x86_64 0.1 2.82 29.45 32.27 OK
r-patched-solaris-x86 0.1 63.30 OK
r-release-linux-x86_64 0.1 2.87 28.40 31.27 OK
r-release-macos-x86_64 0.1 OK
r-release-windows-ix86+x86_64 0.1 2.00 5.00 7.00 ERROR
r-oldrel-macos-x86_64 0.1 OK
r-oldrel-windows-ix86+x86_64 0.1 4.00 45.00 49.00 OK

Check Details

Version: 0.1
Check: whether package can be installed
Result: ERROR
    Installation failed.
Flavor: r-release-windows-ix86+x86_64