CRAN Package Check Results for Package ftsa

Last updated on 2021-09-21 02:48:56 CEST.

Flavor Version Tinstall Tcheck Ttotal Status Flags
r-devel-linux-x86_64-debian-clang 6.0 23.16 238.33 261.49 OK
r-devel-linux-x86_64-debian-gcc 6.0 19.21 172.46 191.67 OK
r-devel-linux-x86_64-fedora-clang 6.0 309.76 OK
r-devel-linux-x86_64-fedora-gcc 6.0 298.25 OK
r-devel-windows-x86_64 6.0 26.00 213.00 239.00 OK
r-devel-windows-x86_64-gcc10-UCRT 6.0 ERROR
r-patched-linux-x86_64 6.0 31.13 229.09 260.22 OK
r-patched-solaris-x86 6.0 412.00 OK
r-release-linux-x86_64 6.0 22.18 225.93 248.11 OK
r-release-macos-arm64 6.0 NOTE
r-release-macos-x86_64 6.0 OK
r-release-windows-ix86+x86_64 6.0 48.00 211.00 259.00 OK
r-oldrel-macos-x86_64 6.0 OK
r-oldrel-windows-ix86+x86_64 6.0 48.00 217.00 265.00 OK

Check Details

Version: 6.0
Check: whether package can be installed
Result: WARN
    Found the following significant warnings:
     WARNING: installation-time patches will not be applied, could not get the patches index
Flavor: r-devel-windows-x86_64-gcc10-UCRT

Version: 6.0
Check: PDF version of manual
Result: WARN
    LaTeX errors when creating PDF version.
    This typically indicates Rd problems.
Flavor: r-devel-windows-x86_64-gcc10-UCRT

Version: 6.0
Check: PDF version of manual without hyperrefs or index
Result: ERROR
    Re-running with no redirection of stdout/stderr.
Flavor: r-devel-windows-x86_64-gcc10-UCRT

Version: 6.0
Check: package dependencies
Result: NOTE
    Package suggested but not available for checking: ‘R2jags’
Flavor: r-release-macos-arm64