CRAN Package Check Results for Package fundiversity

Last updated on 2022-01-27 02:51:27 CET.

Flavor Version Tinstall Tcheck Ttotal Status Flags
r-devel-linux-x86_64-debian-clang 0.2.1 9.17 98.58 107.75 OK
r-devel-linux-x86_64-debian-gcc 0.2.1 7.64 75.83 83.47 OK
r-devel-linux-x86_64-fedora-clang 0.2.1 123.79 NOTE
r-devel-linux-x86_64-fedora-gcc 0.2.1 115.45 OK
r-devel-windows-x86_64-new-UL 0.2.1 108.00 138.00 246.00 OK
r-devel-windows-x86_64-new-TK 0.2.1 OK
r-patched-linux-x86_64 0.2.1 7.10 92.58 99.68 OK
r-release-linux-x86_64 0.2.1 6.46 91.08 97.54 OK
r-release-macos-arm64 0.2.1 OK
r-release-macos-x86_64 0.2.1 OK
r-release-windows-ix86+x86_64 0.2.1 19.00 111.00 130.00 OK
r-oldrel-macos-x86_64 0.2.1 OK
r-oldrel-windows-ix86+x86_64 0.2.1 18.00 111.00 129.00 OK

Check Details

Version: 0.2.1
Check: Rd cross-references
Result: NOTE
    Undeclared package ‘future’ in Rd xrefs
Flavor: r-devel-linux-x86_64-fedora-clang