CRAN Package Check Results for Package fuzzyforest

Last updated on 2022-06-27 02:54:27 CEST.

Flavor Version Tinstall Tcheck Ttotal Status Flags
r-devel-linux-x86_64-debian-clang 1.0.8 6.41 223.57 229.98 OK
r-devel-linux-x86_64-debian-gcc 1.0.8 5.14 166.43 171.57 OK
r-devel-linux-x86_64-fedora-clang 1.0.8 272.13 OK
r-devel-linux-x86_64-fedora-gcc 1.0.8 273.28 OK
r-devel-windows-x86_64 1.0.8 43.00 222.00 265.00 OK
r-patched-linux-x86_64 1.0.8 5.77 213.63 219.40 OK
r-release-linux-x86_64 1.0.8 6.39 216.46 222.85 OK
r-release-macos-arm64 1.0.8 24.00 NOTE
r-release-macos-x86_64 1.0.8 51.00 NOTE
r-release-windows-x86_64 1.0.8 59.00 219.00 278.00 OK
r-oldrel-macos-arm64 1.0.8 30.00 NOTE
r-oldrel-macos-x86_64 1.0.8 49.00 NOTE
r-oldrel-windows-ix86+x86_64 1.0.8 55.00 225.00 280.00 OK

Check Details

Version: 1.0.8
Check: package dependencies
Result: NOTE
    Package suggested but not available for checking: ‘WGCNA’
Flavors: r-release-macos-arm64, r-release-macos-x86_64, r-oldrel-macos-arm64, r-oldrel-macos-x86_64