CRAN Package Check Results for Package gaussplotR

Last updated on 2021-09-22 02:49:18 CEST.

Flavor Version Tinstall Tcheck Ttotal Status Flags
r-devel-linux-x86_64-debian-clang 0.2.5 3.44 45.63 49.07 OK
r-devel-linux-x86_64-debian-gcc 0.2.5 2.20 34.18 36.38 OK
r-devel-linux-x86_64-fedora-clang 0.2.5 66.30 OK
r-devel-linux-x86_64-fedora-gcc 0.2.5 55.16 OK
r-devel-windows-x86_64 0.2.5 5.00 51.00 56.00 OK
r-devel-windows-x86_64-gcc10-UCRT 0.2.5 ERROR
r-patched-linux-x86_64 0.2.5 3.89 42.80 46.69 OK
r-patched-solaris-x86 0.2.5 67.70 OK
r-release-linux-x86_64 0.2.5 3.42 43.58 47.00 OK
r-release-macos-arm64 0.2.5 OK
r-release-macos-x86_64 0.2.5 OK
r-release-windows-ix86+x86_64 0.2.5 7.00 48.00 55.00 OK
r-oldrel-macos-x86_64 0.2.5 OK
r-oldrel-windows-ix86+x86_64 0.2.5 8.00 70.00 78.00 OK

Check Details

Version: 0.2.5
Check: whether package can be installed
Result: WARN
    Found the following significant warnings:
     WARNING: installation-time patches will not be applied, could not get the patches index
Flavor: r-devel-windows-x86_64-gcc10-UCRT

Version: 0.2.5
Check: PDF version of manual
Result: WARN
    LaTeX errors when creating PDF version.
    This typically indicates Rd problems.
Flavor: r-devel-windows-x86_64-gcc10-UCRT

Version: 0.2.5
Check: PDF version of manual without hyperrefs or index
Result: ERROR
    Re-running with no redirection of stdout/stderr.
Flavor: r-devel-windows-x86_64-gcc10-UCRT