Last updated on 2022-07-01 02:54:17 CEST.
Flavor | Version | Tinstall | Tcheck | Ttotal | Status | Flags |
---|---|---|---|---|---|---|
r-devel-linux-x86_64-debian-clang | 1.5.0-3 | 50.62 | 333.56 | 384.18 | OK | |
r-devel-linux-x86_64-debian-gcc | 1.5.0-3 | 37.53 | 242.75 | 280.28 | OK | |
r-devel-linux-x86_64-fedora-clang | 1.5.0-3 | 448.63 | OK | |||
r-devel-linux-x86_64-fedora-gcc | 1.5.0-3 | 452.13 | OK | |||
r-devel-windows-x86_64 | 1.5.0-3 | 67.00 | 339.00 | 406.00 | NOTE | |
r-patched-linux-x86_64 | 1.5.0-3 | 45.50 | 322.63 | 368.13 | OK | |
r-release-linux-x86_64 | 1.5.0-3 | 41.94 | 318.90 | 360.84 | OK | |
r-release-macos-arm64 | 1.5.0-3 | 87.00 | OK | |||
r-release-macos-x86_64 | 1.5.0-3 | 138.00 | OK | |||
r-release-windows-x86_64 | 1.5.0-3 | 60.00 | 332.00 | 392.00 | NOTE | |
r-oldrel-macos-arm64 | 1.5.0-3 | 85.00 | OK | |||
r-oldrel-macos-x86_64 | 1.5.0-3 | 126.00 | OK | |||
r-oldrel-windows-ix86+x86_64 | 1.5.0-3 | 119.00 | 469.00 | 588.00 | NOTE |
Version: 1.5.0-3
Check: installed package size
Result: NOTE
installed size is 5.0Mb
sub-directories of 1Mb or more:
extdata 3.0Mb
Flavors: r-devel-windows-x86_64, r-release-windows-x86_64, r-oldrel-windows-ix86+x86_64