CRAN Package Check Results for Package gdtools

Last updated on 2021-09-26 02:50:27 CEST.

Flavor Version Tinstall Tcheck Ttotal Status Flags
r-devel-linux-x86_64-debian-clang 0.2.3 55.09 29.88 84.97 NOTE
r-devel-linux-x86_64-debian-gcc 0.2.3 33.15 23.49 56.64 NOTE
r-devel-linux-x86_64-fedora-clang 0.2.3 129.58 NOTE
r-devel-linux-x86_64-fedora-gcc 0.2.3 101.91 NOTE
r-devel-windows-x86_64 0.2.3 56.00 56.00 112.00 NOTE
r-devel-windows-x86_64-gcc10-UCRT 0.2.3 NOTE
r-patched-linux-x86_64 0.2.3 41.07 28.78 69.85 NOTE
r-patched-solaris-x86 0.2.3 107.40 NOTE
r-release-linux-x86_64 0.2.3 39.10 28.54 67.64 NOTE
r-release-macos-arm64 0.2.3 NOTE
r-release-macos-x86_64 0.2.3 NOTE
r-release-windows-ix86+x86_64 0.2.3 128.00 69.00 197.00 NOTE
r-oldrel-macos-x86_64 0.2.3 OK
r-oldrel-windows-ix86+x86_64 0.2.3 131.00 70.00 201.00 NOTE

Check Details

Version: 0.2.3
Check: LazyData
Result: NOTE
     'LazyData' is specified without a 'data' directory
Flavors: r-devel-linux-x86_64-debian-clang, r-devel-linux-x86_64-debian-gcc, r-devel-linux-x86_64-fedora-clang, r-devel-linux-x86_64-fedora-gcc, r-devel-windows-x86_64, r-devel-windows-x86_64-gcc10-UCRT, r-patched-linux-x86_64, r-patched-solaris-x86, r-release-linux-x86_64, r-release-macos-arm64, r-release-macos-x86_64, r-release-windows-ix86+x86_64

Version: 0.2.3
Check: installed package size
Result: NOTE
     installed size is 5.2Mb
     sub-directories of 1Mb or more:
     libs 5.1Mb
Flavors: r-release-macos-arm64, r-release-windows-ix86+x86_64, r-oldrel-windows-ix86+x86_64