CRAN Package Check Results for Package gee

Last updated on 2021-08-02 02:49:48 CEST.

Flavor Version Tinstall Tcheck Ttotal Status Flags
r-devel-linux-x86_64-debian-clang 4.13-20 10.50 24.73 35.23 NOTE
r-devel-linux-x86_64-debian-gcc 4.13-20 2.78 19.49 22.27 NOTE
r-devel-linux-x86_64-fedora-clang 4.13-20 54.37 NOTE
r-devel-linux-x86_64-fedora-gcc 4.13-20 34.41 NOTE
r-devel-windows-x86_64 4.13-20 5.00 41.00 46.00 OK
r-devel-windows-x86_64-gcc10-UCRT 4.13-20 OK
r-patched-linux-x86_64 4.13-20 NOTE
r-patched-solaris-x86 4.13-20 52.00 OK
r-release-linux-x86_64 4.13-20 3.85 23.93 27.78 NOTE
r-release-macos-arm64 4.13-20 OK
r-release-macos-x86_64 4.13-20 OK
r-release-windows-ix86+x86_64 4.13-20 11.00 40.00 51.00 OK
r-oldrel-macos-x86_64 4.13-20 OK
r-oldrel-windows-ix86+x86_64 4.13-20 8.00 49.00 57.00 OK

Check Details

Version: 4.13-20
Check: top-level files
Result: NOTE
    Non-standard files/directories found at top level:
     'README.too' 'blurb'
Flavors: r-devel-linux-x86_64-debian-clang, r-devel-linux-x86_64-debian-gcc, r-devel-linux-x86_64-fedora-clang, r-devel-linux-x86_64-fedora-gcc, r-patched-linux-x86_64, r-release-linux-x86_64