CRAN Package Check Results for Package geesmv

Last updated on 2021-09-22 02:49:18 CEST.

Flavor Version Tinstall Tcheck Ttotal Status Flags
r-devel-linux-x86_64-debian-clang 1.3 6.73 42.27 49.00 OK
r-devel-linux-x86_64-debian-gcc 1.3 4.63 32.03 36.66 OK
r-devel-linux-x86_64-fedora-clang 1.3 65.78 OK
r-devel-linux-x86_64-fedora-gcc 1.3 54.88 OK
r-devel-windows-x86_64 1.3 8.00 41.00 49.00 OK
r-devel-windows-x86_64-gcc10-UCRT 1.3 ERROR
r-patched-linux-x86_64 1.3 6.40 40.81 47.21 OK
r-patched-solaris-x86 1.3 73.90 OK
r-release-linux-x86_64 1.3 5.55 41.24 46.79 OK
r-release-macos-arm64 1.3 OK
r-release-macos-x86_64 1.3 OK
r-release-windows-ix86+x86_64 1.3 11.00 42.00 53.00 OK
r-oldrel-macos-x86_64 1.3 OK
r-oldrel-windows-ix86+x86_64 1.3 9.00 62.00 71.00 OK

Check Details

Version: 1.3
Check: whether package can be installed
Result: WARN
    Found the following significant warnings:
     WARNING: installation-time patches will not be applied, could not get the patches index
Flavor: r-devel-windows-x86_64-gcc10-UCRT

Version: 1.3
Check: PDF version of manual
Result: WARN
    LaTeX errors when creating PDF version.
    This typically indicates Rd problems.
Flavor: r-devel-windows-x86_64-gcc10-UCRT

Version: 1.3
Check: PDF version of manual without hyperrefs or index
Result: ERROR
    Re-running with no redirection of stdout/stderr.
Flavor: r-devel-windows-x86_64-gcc10-UCRT