CRAN Package Check Results for Package geex

Last updated on 2021-09-21 02:48:57 CEST.

Flavor Version Tinstall Tcheck Ttotal Status Flags
r-devel-linux-x86_64-debian-clang 1.0.12 5.17 313.42 318.59 OK
r-devel-linux-x86_64-debian-gcc 1.0.12 3.75 215.19 218.94 OK
r-devel-linux-x86_64-fedora-clang 1.0.12 357.22 NOTE
r-devel-linux-x86_64-fedora-gcc 1.0.12 350.34 NOTE
r-devel-windows-x86_64 1.0.12 8.00 282.00 290.00 OK
r-devel-windows-x86_64-gcc10-UCRT 1.0.12 ERROR
r-patched-linux-x86_64 1.0.12 4.87 298.79 303.66 OK
r-patched-solaris-x86 1.0.12 403.60 NOTE
r-release-linux-x86_64 1.0.12 4.96 298.42 303.38 OK
r-release-macos-arm64 1.0.12 NOTE
r-release-macos-x86_64 1.0.12 NOTE
r-release-windows-ix86+x86_64 1.0.12 12.00 273.00 285.00 OK
r-oldrel-macos-x86_64 1.0.12 NOTE
r-oldrel-windows-ix86+x86_64 1.0.12 12.00 340.00 352.00 OK

Check Details

Version: 1.0.12
Check: dependencies in R code
Result: NOTE
    Namespace in Imports field not imported from: ‘rootSolve’
     All declared Imports should be used.
Flavors: r-devel-linux-x86_64-fedora-clang, r-devel-linux-x86_64-fedora-gcc, r-devel-windows-x86_64-gcc10-UCRT, r-patched-solaris-x86, r-release-macos-arm64, r-release-macos-x86_64, r-oldrel-macos-x86_64

Version: 1.0.12
Check: whether package can be installed
Result: WARN
    Found the following significant warnings:
     WARNING: installation-time patches will not be applied, could not get the patches index
Flavor: r-devel-windows-x86_64-gcc10-UCRT

Version: 1.0.12
Check: PDF version of manual
Result: WARN
    LaTeX errors when creating PDF version.
    This typically indicates Rd problems.
Flavor: r-devel-windows-x86_64-gcc10-UCRT

Version: 1.0.12
Check: PDF version of manual without hyperrefs or index
Result: ERROR
    Re-running with no redirection of stdout/stderr.
Flavor: r-devel-windows-x86_64-gcc10-UCRT