CRAN Package Check Results for Package geoTS

Last updated on 2022-06-29 02:55:11 CEST.

Flavor Version Tinstall Tcheck Ttotal Status Flags
r-devel-linux-x86_64-debian-clang 0.1.3 26.32 244.78 271.10 NOTE
r-devel-linux-x86_64-debian-gcc 0.1.3 23.92 179.55 203.47 NOTE
r-devel-linux-x86_64-fedora-clang 0.1.3 321.36 NOTE
r-devel-linux-x86_64-fedora-gcc 0.1.3 327.20 NOTE
r-devel-windows-x86_64 0.1.3 31.00 228.00 259.00 NOTE
r-patched-linux-x86_64 0.1.3 25.15 234.64 259.79 NOTE
r-release-linux-x86_64 0.1.3 28.25 235.90 264.15 NOTE
r-release-macos-arm64 0.1.3 67.00 NOTE
r-release-macos-x86_64 0.1.3 100.00 NOTE
r-release-windows-x86_64 0.1.3 30.00 231.00 261.00 NOTE
r-oldrel-macos-arm64 0.1.3 42.00 NOTE
r-oldrel-macos-x86_64 0.1.3 64.00 NOTE
r-oldrel-windows-ix86+x86_64 0.1.3 59.00 238.00 297.00 NOTE

Check Details

Version: 0.1.3
Check: LazyData
Result: NOTE
     'LazyData' is specified without a 'data' directory
Flavors: r-devel-linux-x86_64-debian-clang, r-devel-linux-x86_64-debian-gcc, r-devel-linux-x86_64-fedora-clang, r-devel-linux-x86_64-fedora-gcc, r-devel-windows-x86_64, r-patched-linux-x86_64, r-release-linux-x86_64, r-release-macos-arm64, r-release-macos-x86_64, r-release-windows-x86_64, r-oldrel-macos-arm64, r-oldrel-macos-x86_64, r-oldrel-windows-ix86+x86_64

Version: 0.1.3
Check: dependencies in R code
Result: NOTE
    Namespaces in Imports field not imported from:
     ‘iterators’ ‘methods’
     All declared Imports should be used.
Flavors: r-devel-linux-x86_64-fedora-clang, r-devel-linux-x86_64-fedora-gcc, r-release-macos-arm64, r-release-macos-x86_64, r-oldrel-macos-arm64, r-oldrel-macos-x86_64